--
-- Host: localhost    Database: pontoderede_novo
-- ------------------------------------------------------


--
-- Table structure for table `archives`
--

CREATE TABLE `archives` (
  `id` int(11) NOT NULL AUTO_INCREMENT,
  `date` varchar(255) DEFAULT NULL,
  PRIMARY KEY (`id`)
) ENGINE=InnoDB AUTO_INCREMENT=22 DEFAULT CHARSET=utf8mb4;

--
-- Dumping data for table `archives`
--

INSERT INTO `archives` VALUES (2,'01-2019'),(11,'02-2019'),(12,'03-2019'),(13,'04-2019'),(14,'05-2019'),(15,'06-2019'),(16,'07-2019'),(17,'08-2019'),(18,'09-2019'),(19,'10-2019'),(20,'11-2019'),(21,'12-2019');

--
-- Table structure for table `backups`
--

CREATE TABLE `backups` (
  `id` int(11) NOT NULL AUTO_INCREMENT,
  `filename` varchar(255) DEFAULT NULL,
  `created_at` timestamp NULL DEFAULT NULL,
  `updated_at` timestamp NULL DEFAULT NULL,
  PRIMARY KEY (`id`)
) ENGINE=InnoDB AUTO_INCREMENT=11 DEFAULT CHARSET=latin1;

--
-- Dumping data for table `backups`
--

INSERT INTO `backups` VALUES (4,'5db6ff092685a.sql','2019-10-28 18:45:29','2019-10-28 18:45:29'),(7,'5db7191e3d726.sql','2019-10-28 20:36:46','2019-10-28 20:36:46'),(8,'5db71939a99c6.sql','2019-10-28 20:37:13','2019-10-28 20:37:13'),(9,'5db7193c7ee6d.sql','2019-10-28 20:37:16','2019-10-28 20:37:16'),(10,'5decda69871da.sql','2019-12-08 11:11:37','2019-12-08 11:11:37');

--
-- Table structure for table `basic_settings_extended`
--

CREATE TABLE `basic_settings_extended` (
  `id` int(11) NOT NULL AUTO_INCREMENT,
  `pricing_title` varchar(255) DEFAULT NULL,
  `pricing_subtitle` varchar(255) DEFAULT NULL,
  `pricing_section` int(3) NOT NULL DEFAULT '1' COMMENT '0 - deactive, 1 - active',
  `is_order_package` int(3) NOT NULL DEFAULT '1' COMMENT '0 - deactive, 1 - active',
  `is_packages` int(3) NOT NULL DEFAULT '1',
  `cookie_alert_status` int(3) NOT NULL DEFAULT '1',
  `cookie_alert_text` blob,
  `cookie_alert_button_text` varchar(255) DEFAULT NULL,
  PRIMARY KEY (`id`)
) ENGINE=InnoDB AUTO_INCREMENT=3 DEFAULT CHARSET=utf8mb4;

--
-- Dumping data for table `basic_settings_extended`
--

INSERT INTO `basic_settings_extended` VALUES (1,'All In One','Domínio + Alojamento + Plataforma',1,1,1,1,'<span class=\"cookie-consent__message\" style=\"margin: 0px; padding: 0px; border: 0px; vertical-align: baseline; font-family: Poppins, sans-serif; font-size: 16px; background-color: rgb(38, 41, 56);\">Utilizamos cookies para melhorar a sua experiência de navegação. Ao utilizar o website está a consentir a utilização dos cookies. Para mais informações consulte a nossa página relativa aos cookies.</span>','Concordo');

--
-- Table structure for table `bcategories`
--

CREATE TABLE `bcategories` (
  `id` int(11) NOT NULL AUTO_INCREMENT,
  `name` varchar(255) DEFAULT NULL,
  `status` int(3) DEFAULT '1',
  PRIMARY KEY (`id`)
) ENGINE=InnoDB AUTO_INCREMENT=13 DEFAULT CHARSET=utf8mb4;

--
-- Dumping data for table `bcategories`
--

INSERT INTO `bcategories` VALUES (1,'Suporte',1),(2,'Software',1),(3,'Apoios',1),(8,'Tecnologia',1),(9,'Segurança',1),(10,'Legislação',1),(11,'Comunicados',1),(12,'Notícias',1);

--
-- Table structure for table `blogs`
--

CREATE TABLE `blogs` (
  `id` int(11) NOT NULL AUTO_INCREMENT,
  `bcategory_id` int(11) DEFAULT NULL,
  `title` varchar(255) DEFAULT NULL,
  `slug` varchar(255) DEFAULT NULL,
  `main_image` varchar(255) DEFAULT NULL,
  `content` blob,
  `meta_keywords` text,
  `meta_description` text,
  `created_at` timestamp NULL DEFAULT NULL,
  `updated_at` timestamp NULL DEFAULT NULL,
  PRIMARY KEY (`id`)
) ENGINE=InnoDB AUTO_INCREMENT=22 DEFAULT CHARSET=utf8mb4;

--
-- Dumping data for table `blogs`
--

INSERT INTO `blogs` VALUES (1,2,'Painel de Controlo aaPanel','painel-de-controlo-aapanel','1573917529.png','<div style=\"font-variant-ligatures: normal; orphans: 2; widows: 2; text-align: justify;\">É com muito entusiasmo que verificamos o lançamento da nova versão do aaPanel, desta feita a versão 6.3.1.</div><div style=\"font-variant-ligatures: normal; orphans: 2; widows: 2; text-align: justify;\">Para quem não conhece o aaPanel é uma solução open source, ou seja grátis,&nbsp; que permite controlar o seu servidor dedicado ou vps.&nbsp;&nbsp;</div><div style=\"font-variant-ligatures: normal; orphans: 2; widows: 2; text-align: justify;\">Para quem conhece o WHM/cPanel, esta é uma solução semelhante contudo gratuita.</div><div style=\"font-variant-ligatures: normal; orphans: 2; widows: 2; text-align: justify;\">No aaPanel podemos contar com&nbsp; as habituais funcionalidades presentes num qualquer outro software semelhante,&nbsp; contudo salientamos a presença do docker manager e java project manager.</div><div style=\"font-variant-ligatures: normal; orphans: 2; widows: 2; text-align: justify;\">Os backup´s também têm uma suspresa agradável que é a possibilidade de fazer os backup´s do servidor por ftp e google cloud storage e google drive.</div><div style=\"font-variant-ligatures: normal; orphans: 2; widows: 2; text-align: justify;\">Em termos de requisitos, esta versão necessita de 768M de RAM e o tamanho do disco fica à escolha do cliente, pois o sistema em si apenas ocupa 20M.</div><div style=\"font-variant-ligatures: normal; orphans: 2; widows: 2; text-align: justify;\">Encontra-se disponível para o CentOS 7, Ubuntu 16.04 e Debian 9.</div><div style=\"font-variant-ligatures: normal; orphans: 2; widows: 2; text-align: justify;\">O processo de instalação é simples e demora apenas cerca de 2 minutos.</div><div style=\"font-variant-ligatures: normal; orphans: 2; widows: 2; text-align: justify;\">Relativamente à instalação no CentOS apenas tem de executar este comando:&nbsp;</div><div style=\"font-variant-ligatures: normal; orphans: 2; widows: 2; text-align: justify;\"><br></div><div style=\"font-variant-ligatures: normal; orphans: 2; widows: 2;\"><span style=\"font-weight: 600;\">yum install -y wget &amp;&amp; wget -O install.sh http://www.aapanel.com/script/install_6.0_en.sh &amp;&amp; bash install.sh</span></div><div style=\"font-variant-ligatures: normal; orphans: 2; widows: 2; text-align: justify;\"><span style=\"font-weight: 600;\"><br></span></div><div style=\"font-variant-ligatures: normal; orphans: 2; widows: 2; text-align: justify;\">Em suma o que o comando faz é fazer o download da aplicação e instalar.</div><div style=\"font-variant-ligatures: normal; orphans: 2; widows: 2; text-align: justify;\">Para ver um demo siga este&nbsp;<a href=\"http://demo.aapanel.com/\" title=\"\" target=\"\">link</a>.</div><div style=\"font-variant-ligatures: normal; orphans: 2; widows: 2; text-align: justify;\"><br></div><div style=\"font-variant-ligatures: normal; orphans: 2; widows: 2; text-align: justify;\">A comunidade que suporta o aaPanel está&nbsp;<a href=\"https://forum.aapanel.com/\" title=\"\" target=\"\">aqui</a>!</div>','aapanel,nova versão do aapanel','É com muito entusiasmo que verificamos o lançamento da nova versão do aaPanel, desta feita a versão 6.3.1.\r\nPara quem não conhece o aaPanel é uma solução open source, ou seja grátis,  que permite controlar o seu servidor dedicado ou vps.  \r\nPara quem conhece o WHM/cPanel, esta é uma solução semelhante contudo gratuita.','2019-07-22 19:15:46','2019-11-16 15:18:49'),(16,12,'Website para pizzarias','website-para-pizzarias','1573917316.png','<div style=\"font-variant-ligatures: normal; orphans: 2; widows: 2; text-align: justify;\">A plataforma permite a utilização como página de apresentação de produtos bem como plataforma de ecommerce para registo de clientes e processamento de encomendas.&nbsp;</div><div style=\"font-variant-ligatures: normal; orphans: 2; widows: 2; text-align: justify;\">Para além das funcionalidades já descritas, salientamos a possibilidade dos clientes criarem as suas próprias pizzas e ainda a interligação com as redes sociais.</div>','pizzaria,plataforma para pizzarias,website pizzaria,criar website pizzaria','A plataforma permite a utilização como página de apresentação de produtos bem como plataforma de ecommerce para registo de clientes e processamento de encomendas.','2019-08-31 23:26:49','2019-11-16 15:15:16'),(17,1,'Última versão do Unifi NVR','ultima-versao-do-unifi-nvr','1573917156.png','<p class=\"MsoNormal\" style=\"margin-bottom: 0.0001pt; line-height: 28px; background-image: initial; background-position: initial; background-size: initial; background-repeat: initial; background-attachment: initial; background-origin: initial; background-clip: initial;\"><span style=\"font-variant-ligatures: normal; orphans: 2; text-align: justify; widows: 2;\">Informamos todos os nossos clientes que a última versão do Unifi NVR para windows encontra-se disponível para download através&nbsp;</span><a href=\"https://dl.ui.com/firmwares/ufv/v3.10.10/unifi-video.Win7_x64.v3.10.10.exe\" title=\"\" target=\"\" style=\"background-color: rgb(26, 32, 53); font-variant-ligatures: normal; orphans: 2; text-align: justify; widows: 2;\">daqui</a><span style=\"font-variant-ligatures: normal; orphans: 2; text-align: justify; widows: 2;\">!</span><br></p>','unifi,unifi nvr,nvr','Informamos todos os nossos clientes que a última versão do Unifi NVR para windows encontra-se disponível para download através daqui!','2019-09-13 16:01:27','2019-11-16 15:13:39'),(18,12,'Web Summit 2019','web-summit-2019','1573917057.jpg','<div style=\"font-variant-ligatures: normal; orphans: 2; widows: 2; text-align: justify;\">Está aí novamente a web summit e o Ponto de Rede não pode deixar de marcar presença no maior evento tecnológico do mundo. O web summit é um excelente meio para conhecer e criar oportunidades ligadas a evolução tecnológica.</div><div style=\"font-variant-ligatures: normal; orphans: 2; widows: 2; text-align: justify;\"><br></div><div style=\"font-variant-ligatures: normal; orphans: 2; widows: 2;\"><div style=\"text-align: justify;\">Este ano contamos contamos com Edward Snowden entre os principais oradores.</div><div style=\"text-align: justify;\"><br></div><div style=\"text-align: justify;\">Para mais informações acerca da agenda de eventos consulte www.websummit.com.&nbsp;</div><div style=\"text-align: justify;\"><br></div><div style=\"text-align: justify;\">No website da web summit já é possível fazer o pré-registo&nbsp; para 2020 com desconto de 50%, pelo que aqui lhe deixamos o&nbsp;<a href=\"https://websummit.com/2for1\" title=\"\" target=\"\">link</a>.</div><div>&nbsp;</div></div>','web sumit,web sumit 2019','Está aí novamente a web summit e o Ponto de Rede não pode deixar de marcar presença no maior evento tecnológico do mundo. O web summit é um excelente meio para conhecer e criar oportunidades ligadas a evolução tecnológica.','2019-09-13 16:04:54','2019-11-16 15:11:52'),(19,12,'O que é o all in one?','o-que-e-o-all-in-one','1573384342.jpg','<div style=\"text-align: justify;\"><font face=\"Arial, sans-serif\"><span style=\"font-size: 18px;\">A pensar nas pme´s o ponto de rede desenvolveu conjunto de Serviços Low Cost que permitem de forma célere e barata marcar desde logo a presença da sua empresa online.</span></font></div><div style=\"text-align: justify;\"><br></div><div style=\"text-align: justify;\"><font face=\"Arial, sans-serif\"><span style=\"font-size: 18px;\">Na nossa perspectiva a solução passa por fornecer os 3 serviços essenciais em 1, queremos com isto dizer que qualquer uma das nossas soluções all in one, permitem acesso a um website com gestão, com plano de alojamento incluído, domínio e email.</span></font></div><div style=\"text-align: justify;\"><br></div><div style=\"text-align: justify;\"><font face=\"Arial, sans-serif\"><span style=\"font-size: 18px;\">Todo este serviço está disponível por 75€ + IVA anuais, sendo que apenas se tem de preocupar com a renovação do serviço. O registo do domínio, renovação e configuração do serviço é por nossa conta.</span></font></div><div style=\"text-align: justify;\"><br></div><div style=\"text-align: justify;\"><font face=\"Arial, sans-serif\"><span style=\"font-size: 18px;\">Caso tenha alguma dúvida não deixe de nos contactar através dos meios disponíveis para o efeito.</span></font></div>','ponto de rede,all in one,soluções all in one',NULL,'2019-09-13 16:05:56','2019-11-10 11:12:22'),(20,9,'Portal para oficinas ACC','portal-para-oficinas-acc','1573383270.png','<div><font face=\"arial\" size=\"3\"><b>Portal web para&nbsp; oficinas Auto Check Center</b></font></div><div><font face=\"arial\" size=\"3\"><br></font></div><div style=\"text-align: justify;\"><span style=\"font-family: arial; font-size: medium;\">A pensar na sua oficina o Ponto de Rede desenvolveu conjunto de Serviços Low Cost que permitem de forma célere e barata marcar desde logo a presença da sua oficina online.</span><br></div><div style=\"text-align: justify;\"><br></div><div style=\"text-align: justify;\"><font face=\"arial\" size=\"3\">Na nossa perspectiva a solução passa por fornecer os 3 serviços essenciais em 1, queremos com isto dizer que qualquer uma das nossas soluções all in one, permitem acesso a um website com gestão, com plano de alojamento incluído, domínio e email.</font></div><div style=\"text-align: justify;\"><br></div><div style=\"text-align: justify;\"><font face=\"arial\" size=\"3\">Todo este serviço está disponível por 75€ + IVA anuais, sendo que apenas se tem de preocupar com a renovação do serviço. O registo do domínio, renovação e configuração do serviço é por nossa conta.</font></div><div style=\"text-align: justify;\"><br></div><div><font face=\"arial\" size=\"3\"><b>Funcionalidades presentes na plataforma</b></font></div><div><br></div><div><font face=\"arial\" size=\"3\">- Introdução</font></div><div><font face=\"arial\" size=\"3\">- Quem somos</font></div><div><font face=\"arial\" size=\"3\">- Serviços</font></div><div><font face=\"arial\" size=\"3\">- Equipa</font></div><div><font face=\"arial\" size=\"3\">- Testemunhos cliente</font></div><div><font face=\"arial\" size=\"3\">- Notícias</font></div><div><font face=\"arial\" size=\"3\">- Comunicados</font></div><div><font face=\"arial\" size=\"3\">- Contactos</font></div><div><br></div><div><font face=\"arial\" size=\"3\"><b>Funcionalidades extra</b></font></div><div><br></div><div><font face=\"arial\" size=\"3\">- Chat online</font></div><div><font face=\"arial\" size=\"3\">- Gestor de ficheiros</font></div><div><font face=\"arial\" size=\"3\">- Acesso dropbox</font></div><div><br></div><div><font face=\"arial\" size=\"3\"><b>A pensar no futuro</b></font></div><div><font face=\"arial\" size=\"3\"><br></font></div><div><font face=\"arial\" size=\"3\">- Integração com loja ecommerce</font></div><div><br></div><div style=\"text-align: justify;\"><font face=\"arial\" size=\"3\"><b>Para mais informações ou esclarecimento de eventuais dúvidas, não deixe de nos contactar.</b></font></div>','portal para oficinas,portal acc,página para auto check center',NULL,'2019-09-13 16:16:00','2019-11-10 10:58:19');

--
-- Table structure for table `budgets`
--

CREATE TABLE `budgets` (
  `id` int(11) NOT NULL AUTO_INCREMENT,
  `limits` varchar(255) DEFAULT NULL,
  PRIMARY KEY (`id`)
) ENGINE=InnoDB AUTO_INCREMENT=10 DEFAULT CHARSET=utf8mb4;

--
-- Dumping data for table `budgets`
--

INSERT INTO `budgets` VALUES (1,'Até 500€'),(2,'De 500€ a 1000€'),(3,'De 1000€ a 2500€'),(4,'De 2500€ a 5000€'),(9,'A orçamentar');

--
-- Table structure for table `faqs`
--

CREATE TABLE `faqs` (
  `id` int(11) NOT NULL AUTO_INCREMENT,
  `question` varchar(255) DEFAULT NULL,
  `answer` text,
  PRIMARY KEY (`id`)
) ENGINE=InnoDB AUTO_INCREMENT=15 DEFAULT CHARSET=utf8mb4;

--
-- Dumping data for table `faqs`
--

INSERT INTO `faqs` VALUES (4,'Qual o vosso horário de funcionamento?','Estamos disponíveis por telefone das 09 / 18 diariamente. Aos fins-de-semana deverá utilizar o email ou chat online se disponível.'),(5,'Dispõem de algum serviço de emails em massa?','Não! Para o efeito pode utilizar serviços tais como https://sendgrid.com.'),(7,'O que é uma solução all in one?','As soluções all in one, são soluções que contemplam a aplicação web + alojamento + domínio.'),(9,'Fazem registo de domínios?','Sim realizamos! Apenas necessita de escolher a terminação desejada. Pode optar entre os domínios .pt, .com, .net, etc...'),(10,'Fazem a gestão de redes sociais?','Sim realizamos! A tabela de preços consta no menu serviços > redes sociais. Em caso de dúvida consulte-nos.'),(12,'Como posso aceder à área de cliente de alojamentos?','Para aceder à sua área de cliente de hosting utilize o link do rodapé do website.'),(13,'Como posso aceder ao webmail?','Para aceder ao webmail utilize o link disponível no rodapé do website. Em alternativa pode sempre aceder ao seu email através do nome do seu domínio adicionando ao final /afterlogic.'),(14,'Quanto custa um website?','Para um website estático sem backoffice tem um custo de médio de 250€ + IVA.  As outras soluções têm de ser analisadas caso a caso pois dependem das funcionalidades pretendidas.');

--
-- Table structure for table `features`
--

CREATE TABLE `features` (
  `id` int(11) NOT NULL AUTO_INCREMENT,
  `icon` varchar(255) DEFAULT NULL,
  `title` varchar(50) DEFAULT NULL,
  PRIMARY KEY (`id`)
) ENGINE=InnoDB AUTO_INCREMENT=13 DEFAULT CHARSET=utf8mb4;

--
-- Dumping data for table `features`
--

INSERT INTO `features` VALUES (8,'fab fa-safari','Webdesign'),(9,'fas fa-chart-pie','Alojamentos'),(10,'fas fa-chart-line','Dominios'),(12,'fas fa-suitcase','Marketing');

--
-- Table structure for table `galleries`
--

CREATE TABLE `galleries` (
  `id` int(11) NOT NULL AUTO_INCREMENT,
  `title` varchar(255) DEFAULT NULL,
  `image` varchar(255) DEFAULT NULL,
  `created_at` timestamp NULL DEFAULT NULL,
  `updated_at` timestamp NULL DEFAULT NULL,
  PRIMARY KEY (`id`)
) ENGINE=InnoDB AUTO_INCREMENT=20 DEFAULT CHARSET=utf8mb4;

--
-- Dumping data for table `galleries`
--

INSERT INTO `galleries` VALUES (11,'Loja de móveis','1573391244.png','2019-09-26 21:37:04','2019-11-10 13:07:24'),(12,'Café e Restaurante','1573391002.png','2019-09-26 21:37:44','2019-11-10 13:03:22'),(14,'Consultório dentista','1573390761.png','2019-09-26 21:54:24','2019-11-10 12:59:22'),(15,'Consultório médico','1573390413.png','2019-11-10 12:53:34','2019-11-10 12:53:34'),(16,'Website empresarial','1573391603.png','2019-11-10 13:13:25','2019-11-10 13:13:25'),(17,'Clinica Veterinária','1575741910.png','2019-12-07 18:05:11','2019-12-07 18:05:11'),(18,'Loja Online de Roupa','1575742108.png','2019-12-07 18:08:43','2019-12-07 18:08:43'),(19,'Loja de motas','1575742635.png','2019-12-07 18:17:24','2019-12-07 18:17:24');

--
-- Table structure for table `languages`
--

CREATE TABLE `languages` (
  `id` int(11) NOT NULL AUTO_INCREMENT,
  `name` varchar(255) CHARACTER SET utf8 DEFAULT NULL,
  `code` varchar(255) DEFAULT NULL,
  `is_default` int(3) NOT NULL DEFAULT '1',
  `created_at` timestamp NULL DEFAULT NULL,
  `updated_at` timestamp NULL DEFAULT NULL,
  PRIMARY KEY (`id`)
) ENGINE=InnoDB AUTO_INCREMENT=29 DEFAULT CHARSET=utf8mb4;

--
-- Dumping data for table `languages`
--

INSERT INTO `languages` VALUES (21,'EN','en',0,'2019-10-11 14:34:11','2020-01-08 11:46:18'),(24,'PT','pt',1,'2019-10-11 16:09:14','2020-01-08 11:46:03');

--
-- Table structure for table `members`
--

CREATE TABLE `members` (
  `id` int(11) NOT NULL AUTO_INCREMENT,
  `name` varchar(50) DEFAULT NULL,
  `rank` varchar(50) DEFAULT NULL,
  `image` varchar(255) DEFAULT NULL,
  `facebook` varchar(255) DEFAULT NULL,
  `twitter` varchar(255) DEFAULT NULL,
  `instagram` varchar(255) DEFAULT NULL,
  `linkedin` varchar(255) DEFAULT NULL,
  PRIMARY KEY (`id`)
) ENGINE=InnoDB AUTO_INCREMENT=15 DEFAULT CHARSET=utf8mb4;

--
-- Dumping data for table `members`
--

INSERT INTO `members` VALUES (5,'Marco Ferreira','Administrador Sistemas','1573917698.png',NULL,NULL,NULL,'#'),(6,'Paulo Pericão','Web design','1573917758.png',NULL,NULL,NULL,'#'),(7,'David Oliveira','Programador','1573917905.png',NULL,NULL,NULL,'#'),(8,'Paulo Pereira','Criação de Conteúdos','1574168169.png',NULL,NULL,NULL,'#'),(11,'Vera Abreu','Design Gráfico','1574168181.png',NULL,NULL,NULL,'#'),(12,'Susana Santos','Marketing','1574168189.png',NULL,NULL,NULL,'#');

--
-- Table structure for table `package_orders`
--

CREATE TABLE `package_orders` (
  `id` int(11) NOT NULL AUTO_INCREMENT,
  `name` varchar(255) DEFAULT NULL,
  `email` varchar(255) DEFAULT NULL,
  `phone` varchar(50) DEFAULT NULL,
  `country` varchar(255) DEFAULT NULL,
  `nda` varchar(255) DEFAULT NULL,
  `package_title` varchar(255) DEFAULT NULL,
  `package_currency` varchar(20) DEFAULT NULL,
  `package_price` decimal(11,2) DEFAULT NULL,
  `package_description` blob,
  `status` int(3) NOT NULL DEFAULT '0' COMMENT '0-pending, 1-prcessing, 2-completed, 3-rejected',
  `created_at` timestamp NULL DEFAULT NULL,
  `updated_at` timestamp NULL DEFAULT NULL,
  PRIMARY KEY (`id`)
) ENGINE=InnoDB AUTO_INCREMENT=5 DEFAULT CHARSET=latin1;

--
-- Dumping data for table `package_orders`
--

INSERT INTO `package_orders` VALUES (1,'Mario Balotelli','mario@gmail.com','+44 078 9101 1714','Italy','5dc15c11d794e.txt','Golden Package','$',180.00,'<div><div style=\"text-align: center;\">15 HTML Pages</div><div style=\"text-align: center;\"><br></div><div style=\"text-align: center;\">3 Home Pages</div><div style=\"text-align: center;\"><br></div><div style=\"text-align: center;\">CMS Version Not Available</div><div style=\"text-align: center;\"><br></div><div style=\"text-align: center;\">Logo Design Included</div><div style=\"text-align: center;\"><br></div><div style=\"text-align: center;\">2 Revision Available</div><div style=\"text-align: center;\"><br></div><div style=\"text-align: center;\">No Support Available</div><div style=\"text-align: center;\"><br></div><div style=\"text-align: center;\">Source Code Included</div><div style=\"text-align: center;\"><br></div><div style=\"text-align: center;\">Only One Domain Allowed</div></div>',3,'2019-11-05 17:25:05','2019-11-05 22:04:50'),(2,'Ronaldo','ron@gmail.com','6937689300','Portugal','5dc193aae365b.txt','Golden Package','$',180.00,'<div><div style=\"text-align: center;\">15 HTML Pages</div><div style=\"text-align: center;\"><br></div><div style=\"text-align: center;\">3 Home Pages</div><div style=\"text-align: center;\"><br></div><div style=\"text-align: center;\">CMS Version Not Available</div><div style=\"text-align: center;\"><br></div><div style=\"text-align: center;\">Logo Design Included</div><div style=\"text-align: center;\"><br></div><div style=\"text-align: center;\">2 Revision Available</div><div style=\"text-align: center;\"><br></div><div style=\"text-align: center;\">No Support Available</div><div style=\"text-align: center;\"><br></div><div style=\"text-align: center;\">Source Code Included</div><div style=\"text-align: center;\"><br></div><div style=\"text-align: center;\">Only One Domain Allowed</div></div>',3,'2019-11-05 21:22:18','2019-11-19 18:14:06'),(3,'Buttler','buttler@gmail.com','352378820','England','5dc194600c57f.txt','Plutinum Package','$',350.00,'<div style=\"text-align: center;\">25 HTML Pages</div><div style=\"text-align: center;\"><br></div><div style=\"text-align: center;\">5 Home Pages</div><div style=\"text-align: center;\"><br></div><div style=\"text-align: center;\">CMS Version Available</div><div style=\"text-align: center;\"><br></div><div style=\"text-align: center;\">Logo Design Included</div><div style=\"text-align: center;\"><br></div><div style=\"text-align: center;\">2 Revision Available</div><div style=\"text-align: center;\"><br></div><div style=\"text-align: center;\">No Support Available</div><div style=\"text-align: center;\"><br></div><div style=\"text-align: center;\">Source Code Included</div><div style=\"text-align: center;\"><br></div><div style=\"text-align: center;\">Only One Domain Allowed</div>',3,'2019-11-05 21:25:20','2019-11-19 18:13:48'),(4,'Marco Ferreira','mpc.ferreira@me.com','963014314','Aveiro','5dc800c1f003f.pdf','All In One Magento','€',123.00,'<div style=\"text-align: center;\"><div>Domínio .pt incluído</div><div><br></div><div>Alojamento Web</div><div><br></div><div>Plataforma eCommerce</div><div><br></div><div>1 conta de email</div></div>',0,'2019-11-10 12:21:21','2019-11-10 12:21:21');

--
-- Table structure for table `packages`
--

CREATE TABLE `packages` (
  `id` int(11) NOT NULL AUTO_INCREMENT,
  `title` varchar(255) DEFAULT NULL,
  `currency` varchar(20) DEFAULT NULL,
  `price` decimal(11,2) DEFAULT NULL,
  `description` blob,
  `created_at` timestamp NULL DEFAULT NULL,
  `updated_at` timestamp NULL DEFAULT NULL,
  PRIMARY KEY (`id`)
) ENGINE=InnoDB AUTO_INCREMENT=15 DEFAULT CHARSET=latin1;

--
-- Dumping data for table `packages`
--

INSERT INTO `packages` VALUES (1,'All In One Magento','€',123.00,'<div style=\"text-align: center;\"><div>Domínio .pt incluído</div><div><br></div><div>Alojamento Web</div><div><br></div><div>Plataforma eCommerce</div><div><br></div><div>1 conta de email</div></div>','2019-11-04 23:14:28','2019-11-10 09:02:24'),(2,'All In One Prestashop','€',92.25,'<div style=\"text-align: center;\"><div>Domínio .pt incluído</div><div><br></div><div>Alojamento Web</div><div><br></div><div>Plataforma eCommerce</div><div><br></div><div>1 conta de email</div></div>','2019-11-05 00:31:37','2019-11-10 09:02:18'),(9,'All In One Opencart','€',92.25,'<div style=\"text-align: center;\"><div>Domínio .pt incluído</div><div><br></div><div>Alojamento Web</div><div><br></div><div>Plataforma eCommerce</div><div><br></div><div>1 conta de email</div></div>','2019-11-05 00:53:34','2019-11-10 09:02:11'),(12,'All In One Oficinas','€',123.00,'<div style=\"text-align: center;\"><div>Domínio .pt incluído</div><div><br></div><div>Alojamento Web</div><div><br></div><div>Website com gestão</div><div><br></div><div>1 conta de email</div></div>','2019-11-06 21:42:18','2019-11-10 09:01:43'),(13,'All In One Pharma','€',123.00,'<div style=\"text-align: center;\"><div>Domínio .pt incluído</div><div><br></div><div>Alojamento Web</div><div><br></div><div>Website com gestão</div><div><br></div><div>1 conta de email</div></div>','2019-11-06 21:43:14','2019-11-10 09:01:37'),(14,'All In One  Web','€',92.25,'<div style=\"text-align: center;\">Domínio .pt incluído</div><div style=\"text-align: center;\"><br></div><div style=\"text-align: center;\">Alojamento Web</div><div style=\"text-align: center;\"><br></div><div style=\"text-align: center;\">Website com gestão</div><div style=\"text-align: center;\"><br></div><div style=\"text-align: center;\">1 conta de email</div>','2019-11-06 21:44:01','2019-11-10 09:00:45');

--
-- Table structure for table `pages`
--

CREATE TABLE `pages` (
  `id` int(11) NOT NULL AUTO_INCREMENT,
  `name` varchar(255) DEFAULT NULL,
  `title` varchar(255) DEFAULT NULL,
  `subtitle` varchar(255) DEFAULT NULL,
  `slug` varchar(255) DEFAULT NULL,
  `body` blob,
  `status` int(3) NOT NULL DEFAULT '1',
  `created_at` timestamp NULL DEFAULT NULL,
  `updated_at` timestamp NULL DEFAULT NULL,
  PRIMARY KEY (`id`)
) ENGINE=InnoDB AUTO_INCREMENT=10 DEFAULT CHARSET=utf8mb4;

--
-- Dumping data for table `pages`
--

INSERT INTO `pages` VALUES (4,'Quem somos','Quem somos','Um pouco sobre nós','quem-somos','<p class=\"MsoNormal\" style=\"margin-bottom: 0.0001pt; line-height: 28px; background-image: initial; background-position: initial; background-size: initial; background-repeat: initial; background-attachment: initial; background-origin: initial; background-clip: initial;\"><b>Um pouco sobre nós e a nossa história</b></p><p class=\"MsoNormal\" style=\"margin-bottom: 0.0001pt; line-height: 28px; background-image: initial; background-position: initial; background-size: initial; background-repeat: initial; background-attachment: initial; background-origin: initial; background-clip: initial;\"><br></p><p class=\"MsoNormal\" style=\"text-align: justify; margin-bottom: 0.0001pt; line-height: 28px; background-image: initial; background-position: initial; background-size: initial; background-repeat: initial; background-attachment: initial; background-origin: initial; background-clip: initial;\">O Ponto de Rede é uma marca comercial da área de web design e alojamentos web da empresa Tecnioffice Lda sediada em Estarreja, mais concretamente em Rua Padre Donaciano Abreu Freire, 49, Loja B, 3860-384 Estarreja.</p><p class=\"MsoNormal\" style=\"text-align: justify; margin-bottom: 0.0001pt; line-height: 28px; background-image: initial; background-position: initial; background-size: initial; background-repeat: initial; background-attachment: initial; background-origin: initial; background-clip: initial;\">O Ponto de Rede é uma agência de desenvolvimento e presença web e existimos no mercado nacional desde 2013 e iniciamos a nossa actividade com o web design e soluções de eCommerce adaptadas.</p><p class=\"MsoNormal\" style=\"text-align: justify; margin-bottom: 0.0001pt; line-height: 28px; background-image: initial; background-position: initial; background-size: initial; background-repeat: initial; background-attachment: initial; background-origin: initial; background-clip: initial;\">O grosso dos nossos clientes são empresas, pelo que as necessidades das mesmas, levou-nos a expandir para outras áreas directamente relacionadas, nomeadamente os alojamentos web, domínios, marketing digital e gestão de redes sociais.</p><p class=\"MsoNormal\" style=\"text-align: justify; margin-bottom: 0.0001pt; line-height: 28px; background-image: initial; background-position: initial; background-size: initial; background-repeat: initial; background-attachment: initial; background-origin: initial; background-clip: initial;\">Gostamos de afirmar que somos uma empresa all in one, pois agregamos todos os serviços necessários a uma empresa para marcar presença online de uma forma sustentável.</p><p class=\"MsoNormal\" style=\"text-align: justify; margin-bottom: 0.0001pt; line-height: 28px; background-image: initial; background-position: initial; background-size: initial; background-repeat: initial; background-attachment: initial; background-origin: initial; background-clip: initial;\">Somos apoiantes do OpenSource e estamos envolvidos em diversos projectos relacionados, trazendo para portugal e em português soluções low cost para si e para a sua empresa.</p><p class=\"MsoNormal\" style=\"text-align: justify; margin-bottom: 0.0001pt; line-height: 28px; background-image: initial; background-position: initial; background-size: initial; background-repeat: initial; background-attachment: initial; background-origin: initial; background-clip: initial;\">Achamos que a presença online é importante contudo deve ser sustentável, pelo que desenvolvemos a nossa actividade e produtos com o objectivo de serem escaláveis, queremos com isto dizer que paga apenas do que necessita!&nbsp;</p><p class=\"MsoNormal\" style=\"text-align: justify; margin-bottom: 0.0001pt; line-height: 28px; background-image: initial; background-position: initial; background-size: initial; background-repeat: initial; background-attachment: initial; background-origin: initial; background-clip: initial;\">Os nossos clientes são o nosso maior activo e a nossa fonte de investimento motivo pelo qual as nossas relações se baseiam principalmente no contacto pessoal ou telefónico.&nbsp;</p><p class=\"MsoNormal\" style=\"text-align: justify; margin-bottom: 0.0001pt; line-height: 28px; background-image: initial; background-position: initial; background-size: initial; background-repeat: initial; background-attachment: initial; background-origin: initial; background-clip: initial;\">Estamos aqui para o ajudar e aconselhar de forma clara e sincera, pois não conseguimos trabalhar de outra forma. Deve ter presente que somos exigentes connosco mas também com os projectos em que estamos envolvidos, pois em suma estes também são o nosso sucesso.</p><p class=\"MsoNormal\" style=\"text-align: justify; margin-bottom: 0.0001pt; line-height: 28px; background-image: initial; background-position: initial; background-size: initial; background-repeat: initial; background-attachment: initial; background-origin: initial; background-clip: initial;\">Se tem os mesmos valores que nós, vamos dar-nos lindamente! Se não tem, obrigado pela atenção dispensada e até um dia caso mude de ideias.</p><p class=\"MsoNormal\" style=\"margin-bottom: 0.0001pt; line-height: 28px; background-image: initial; background-position: initial; background-size: initial; background-repeat: initial; background-attachment: initial; background-origin: initial; background-clip: initial;\"><br></p><p class=\"MsoNormal\" style=\"margin-bottom: 0.0001pt; line-height: 28px; background-image: initial; background-position: initial; background-size: initial; background-repeat: initial; background-attachment: initial; background-origin: initial; background-clip: initial;\"><b>from .rede</b></p>',1,'2019-09-01 23:17:04','2019-11-10 08:44:56'),(5,'Termos & condições','Termos & condições','Acesso ao serviço','termos-condicoes','<p class=\"MsoNormal\" style=\"margin-bottom: 0.0001pt; line-height: 200%; background-image: initial; background-position: initial; background-size: initial; background-repeat: initial; background-attachment: initial; background-origin: initial; background-clip: initial;\"><font face=\"Arial, sans-serif\"><span style=\"font-size: 18px;\"><b>As nossas políticas e informações legais</b></span></font></p><p class=\"MsoNormal\" style=\"margin-bottom: 0.0001pt; line-height: 200%; background-image: initial; background-position: initial; background-size: initial; background-repeat: initial; background-attachment: initial; background-origin: initial; background-clip: initial;\"><font face=\"Arial, sans-serif\"><span style=\"font-size: 18px;\"><br></span></font></p><p class=\"MsoNormal\" style=\"text-align: justify; margin-bottom: 0.0001pt; line-height: 200%; background-image: initial; background-position: initial; background-size: initial; background-repeat: initial; background-attachment: initial; background-origin: initial; background-clip: initial;\"><font face=\"Arial, sans-serif\"><span style=\"font-size: 18px;\">A protecção da privacidade e dos dados pessoais é uma prioridade para a Tecnioffice Lda e um claro compromisso assumido por nós. Esta política diz respeito às práticas de privacidade dos portais e sítios online geridos pela Tecnioffice Lda. Quaisquer dados pessoais que nos forneça serão tratados com as garantias de segurança e confidencialidade exigidas pelo enquadramento legal relativo à Protecção de dados pessoais. O acesso e a utilização dos sítios sob a responsabilidade da Tecnioffice Lda devem ser livres por parte do utilizador presumindo a Ponto de Rede que este leu, compreendeu e aceitou os Termos e Condições da sua utilização. Quaisquer tentativas de alterar a informação, ou qualquer outra acção que possa causar dano e pôr em risco a integridade do sistema, são estritamente proibidas de acordo com a legislação em vigor.</span></font></p><p class=\"MsoNormal\" style=\"text-align: justify; margin-bottom: 0.0001pt; line-height: 200%; background-image: initial; background-position: initial; background-size: initial; background-repeat: initial; background-attachment: initial; background-origin: initial; background-clip: initial;\"><font face=\"Arial, sans-serif\"><span style=\"font-size: 18px;\">O utilizador deste sítio obriga-se a cumprir escrupulosamente a legislação aplicável, nomeadamente, em matéria de criminalidade informática e de direitos de propriedade intelectual, sendo exclusivamente responsável pela infracção destes normativos.</span></font></p><p class=\"MsoNormal\" style=\"text-align: justify; margin-bottom: 0.0001pt; line-height: 200%; background-image: initial; background-position: initial; background-size: initial; background-repeat: initial; background-attachment: initial; background-origin: initial; background-clip: initial;\"><font face=\"Arial, sans-serif\"><span style=\"font-size: 18px;\"><br></span></font></p><p class=\"MsoNormal\" style=\"text-align: justify; margin-bottom: 0.0001pt; line-height: 200%; background-image: initial; background-position: initial; background-size: initial; background-repeat: initial; background-attachment: initial; background-origin: initial; background-clip: initial;\"><font face=\"Arial, sans-serif\"><span style=\"font-size: 18px;\">Encarregado de Proteção de Dados</span></font></p><p class=\"MsoNormal\" style=\"text-align: justify; margin-bottom: 0.0001pt; line-height: 200%; background-image: initial; background-position: initial; background-size: initial; background-repeat: initial; background-attachment: initial; background-origin: initial; background-clip: initial;\"><font face=\"Arial, sans-serif\"><span style=\"font-size: 18px;\"><br></span></font></p><p class=\"MsoNormal\" style=\"text-align: justify; margin-bottom: 0.0001pt; line-height: 200%; background-image: initial; background-position: initial; background-size: initial; background-repeat: initial; background-attachment: initial; background-origin: initial; background-clip: initial;\"><font face=\"Arial, sans-serif\"><span style=\"font-size: 18px;\">A Tecnioffice Lda designou um Encarregado de Proteção de Dados que poderá ser contactado através do endereço eletrónico rgpd@pontoderede.pt ou por carta registada com aviso de receção para Rua Padre Donaciano Abreu Freire, 49, Loja B, 3860-384 Estarreja.</span></font></p><p class=\"MsoNormal\" style=\"text-align: justify; margin-bottom: 0.0001pt; line-height: 200%; background-image: initial; background-position: initial; background-size: initial; background-repeat: initial; background-attachment: initial; background-origin: initial; background-clip: initial;\"><font face=\"Arial, sans-serif\"><span style=\"font-size: 18px;\"><br></span></font></p><p class=\"MsoNormal\" style=\"text-align: justify; margin-bottom: 0.0001pt; line-height: 200%; background-image: initial; background-position: initial; background-size: initial; background-repeat: initial; background-attachment: initial; background-origin: initial; background-clip: initial;\"><font face=\"Arial, sans-serif\"><span style=\"font-size: 18px;\">Privacidade</span></font></p><p class=\"MsoNormal\" style=\"text-align: justify; margin-bottom: 0.0001pt; line-height: 200%; background-image: initial; background-position: initial; background-size: initial; background-repeat: initial; background-attachment: initial; background-origin: initial; background-clip: initial;\"><font face=\"Arial, sans-serif\"><span style=\"font-size: 18px;\"><br></span></font></p><p class=\"MsoNormal\" style=\"text-align: justify; margin-bottom: 0.0001pt; line-height: 200%; background-image: initial; background-position: initial; background-size: initial; background-repeat: initial; background-attachment: initial; background-origin: initial; background-clip: initial;\"><font face=\"Arial, sans-serif\"><span style=\"font-size: 18px;\">A Tecnioffice Lda respeita o seu direito à privacidade e não recolhe neste sítio qualquer informação pessoal sobre si sem o seu pedido ou consentimento explícito. A interação com os sítios da Tecnioffice Lda não exige qualquer informação do utilizador, salvo quando, para propósitos expressamente identificados, o registo seja declarado necessário e seja por aquele autorizado, nos termos definidos em seguida.</span></font></p><p class=\"MsoNormal\" style=\"text-align: justify; margin-bottom: 0.0001pt; line-height: 200%; background-image: initial; background-position: initial; background-size: initial; background-repeat: initial; background-attachment: initial; background-origin: initial; background-clip: initial;\"><font face=\"Arial, sans-serif\"><span style=\"font-size: 18px;\"><br></span></font></p><p class=\"MsoNormal\" style=\"text-align: justify; margin-bottom: 0.0001pt; line-height: 200%; background-image: initial; background-position: initial; background-size: initial; background-repeat: initial; background-attachment: initial; background-origin: initial; background-clip: initial;\"><font face=\"Arial, sans-serif\"><span style=\"font-size: 18px;\">Responsável pelo Tratamento</span></font></p><p class=\"MsoNormal\" style=\"text-align: justify; margin-bottom: 0.0001pt; line-height: 200%; background-image: initial; background-position: initial; background-size: initial; background-repeat: initial; background-attachment: initial; background-origin: initial; background-clip: initial;\"><font face=\"Arial, sans-serif\"><span style=\"font-size: 18px;\"><br></span></font></p><p class=\"MsoNormal\" style=\"text-align: justify; margin-bottom: 0.0001pt; line-height: 200%; background-image: initial; background-position: initial; background-size: initial; background-repeat: initial; background-attachment: initial; background-origin: initial; background-clip: initial;\"><font face=\"Arial, sans-serif\"><span style=\"font-size: 18px;\">A Tecnioffice Lda enquanto responsável pelo tratamento de dados, assegura que o tratamento dos seus dados pessoais é efetuado apenas no âmbito das finalidades para as quais os mesmos foram recolhidos ou para finalidades compatíveis com aquelas. Recolhe, utiliza e conserva apenas os dados pessoais mínimos, necessários e suficientes para a finalidade em causa. Não procede a qualquer transmissão de dados pessoais para fins comerciais ou de publicidade. Trata os dados pessoais para fins legalmente previstos ou para a prossecução de serviços online a seu pedido.</span></font></p><p class=\"MsoNormal\" style=\"text-align: justify; margin-bottom: 0.0001pt; line-height: 200%; background-image: initial; background-position: initial; background-size: initial; background-repeat: initial; background-attachment: initial; background-origin: initial; background-clip: initial;\"><font face=\"Arial, sans-serif\"><span style=\"font-size: 18px;\"><br></span></font></p><p class=\"MsoNormal\" style=\"text-align: justify; margin-bottom: 0.0001pt; line-height: 200%; background-image: initial; background-position: initial; background-size: initial; background-repeat: initial; background-attachment: initial; background-origin: initial; background-clip: initial;\"><font face=\"Arial, sans-serif\"><span style=\"font-size: 18px;\">Tipologia de Dados Pessoais</span></font></p><p class=\"MsoNormal\" style=\"text-align: justify; margin-bottom: 0.0001pt; line-height: 200%; background-image: initial; background-position: initial; background-size: initial; background-repeat: initial; background-attachment: initial; background-origin: initial; background-clip: initial;\"><font face=\"Arial, sans-serif\"><span style=\"font-size: 18px;\"><br></span></font></p><p class=\"MsoNormal\" style=\"text-align: justify; margin-bottom: 0.0001pt; line-height: 200%; background-image: initial; background-position: initial; background-size: initial; background-repeat: initial; background-attachment: initial; background-origin: initial; background-clip: initial;\"><font face=\"Arial, sans-serif\"><span style=\"font-size: 18px;\">Os dados pessoais sujeitos a tratamento por parte da Tecnioffice Lda são de diversa natureza atenta a prestação de serviços promovidos nas plataformas eletrónicas sob a sua gestão. De acordo com o tipo de serviços prestado podem ser recolhidos, após sua prévia autorização: o nome; a data de nascimento; o número de identificação fiscal; o número de identificação civil; o número de segurança social; o número de documento de identificação; a morada; o endereço eletrónico; o número de telemóvel.</span></font></p><p class=\"MsoNormal\" style=\"text-align: justify; margin-bottom: 0.0001pt; line-height: 200%; background-image: initial; background-position: initial; background-size: initial; background-repeat: initial; background-attachment: initial; background-origin: initial; background-clip: initial;\"><font face=\"Arial, sans-serif\"><span style=\"font-size: 18px;\"><br></span></font></p><p class=\"MsoNormal\" style=\"text-align: justify; margin-bottom: 0.0001pt; line-height: 200%; background-image: initial; background-position: initial; background-size: initial; background-repeat: initial; background-attachment: initial; background-origin: initial; background-clip: initial;\"><font face=\"Arial, sans-serif\"><span style=\"font-size: 18px;\">Segurança de Dados Pessoais</span></font></p><p class=\"MsoNormal\" style=\"text-align: justify; margin-bottom: 0.0001pt; line-height: 200%; background-image: initial; background-position: initial; background-size: initial; background-repeat: initial; background-attachment: initial; background-origin: initial; background-clip: initial;\"><font face=\"Arial, sans-serif\"><span style=\"font-size: 18px;\"><br></span></font></p><p class=\"MsoNormal\" style=\"text-align: justify; margin-bottom: 0.0001pt; line-height: 200%; background-image: initial; background-position: initial; background-size: initial; background-repeat: initial; background-attachment: initial; background-origin: initial; background-clip: initial;\"><font face=\"Arial, sans-serif\"><span style=\"font-size: 18px;\">A Tecnioffice Lda, na prossecução das suas atividades, utiliza um conjunto de tecnologias e procedimentos de segurança adequados à proteção dos seus dados pessoais, protegendo o acesso e divulgação não autorizados, nomeadamente, medidas de segurança física, nomeadamente o controlo de acessos de funcionários, colaboradores e visitantes às instalações da sede e, sobre as instalações de centros de dados e computação, mecanismos muito restritos de combate à intrusão, extinção de incêndios. Medidas de segurança lógica, na componente de acessos a sistemas e postos de trabalho através de mecanismos de gestão de identidades, autenticação e privilégios; na componente de rede o uso de firewalls e sistemas de deteção de intrusão, segregando redes (interna, externa, zona desmilitarizada) e ambientes aplicacionais, bem como cifragem de informação através de canais de comunicação seguros.</span></font></p><p class=\"MsoNormal\" style=\"text-align: justify; margin-bottom: 0.0001pt; line-height: 200%; background-image: initial; background-position: initial; background-size: initial; background-repeat: initial; background-attachment: initial; background-origin: initial; background-clip: initial;\"><font face=\"Arial, sans-serif\"><span style=\"font-size: 18px;\"><br></span></font></p><p class=\"MsoNormal\" style=\"text-align: justify; margin-bottom: 0.0001pt; line-height: 200%; background-image: initial; background-position: initial; background-size: initial; background-repeat: initial; background-attachment: initial; background-origin: initial; background-clip: initial;\"><font face=\"Arial, sans-serif\"><span style=\"font-size: 18px;\">Acesso e controlo dos Dados Pessoais</span></font></p><p class=\"MsoNormal\" style=\"text-align: justify; margin-bottom: 0.0001pt; line-height: 200%; background-image: initial; background-position: initial; background-size: initial; background-repeat: initial; background-attachment: initial; background-origin: initial; background-clip: initial;\"><font face=\"Arial, sans-serif\"><span style=\"font-size: 18px;\"><br></span></font></p><p class=\"MsoNormal\" style=\"text-align: justify; margin-bottom: 0.0001pt; line-height: 200%; background-image: initial; background-position: initial; background-size: initial; background-repeat: initial; background-attachment: initial; background-origin: initial; background-clip: initial;\"><font face=\"Arial, sans-serif\"><span style=\"font-size: 18px;\">Possibilitamos, a seu pedido, o acesso, a retificação e o apagamento dos dados pessoais. Tem também o direito de se opor ao processamento dos seus dados pessoais.&nbsp; Caso a utilização dos seus dados pessoais seja baseada no consentimento, tem o direito de o retirar, sem comprometer a validade do tratamento de dados efetuado até esse momento. Através do encarregado de proteção de dados (rgpd@pontoderede.pt) pode solicitar, Informação acerca dos seus dados, informação acerca do processamento, a finalidade subjacente ao tratamento, a correção, ou atualização, de algum dado, os seus dados num formato aberto, o apagamento dos dados, o que prejudicará, neste caso, futuros tratamentos.</span></font></p><p class=\"MsoNormal\" style=\"text-align: justify; margin-bottom: 0.0001pt; line-height: 200%; background-image: initial; background-position: initial; background-size: initial; background-repeat: initial; background-attachment: initial; background-origin: initial; background-clip: initial;\"><font face=\"Arial, sans-serif\"><span style=\"font-size: 18px;\"><br></span></font></p><p class=\"MsoNormal\" style=\"text-align: justify; margin-bottom: 0.0001pt; line-height: 200%; background-image: initial; background-position: initial; background-size: initial; background-repeat: initial; background-attachment: initial; background-origin: initial; background-clip: initial;\"><font face=\"Arial, sans-serif\"><span style=\"font-size: 18px;\">Arquivo de Dados Pessoais</span></font></p><p class=\"MsoNormal\" style=\"text-align: justify; margin-bottom: 0.0001pt; line-height: 200%; background-image: initial; background-position: initial; background-size: initial; background-repeat: initial; background-attachment: initial; background-origin: initial; background-clip: initial;\"><font face=\"Arial, sans-serif\"><span style=\"font-size: 18px;\"><br></span></font></p><p class=\"MsoNormal\" style=\"text-align: justify; margin-bottom: 0.0001pt; line-height: 200%; background-image: initial; background-position: initial; background-size: initial; background-repeat: initial; background-attachment: initial; background-origin: initial; background-clip: initial;\"><font face=\"Arial, sans-serif\"><span style=\"font-size: 18px;\">Os seus dados pessoais são conservados pela Tecnioffice Lda pelo período estritamente necessário ao tratamento, de acordo com a finalidade respetiva. Os períodos de conservação podem alterar-se de acordo com o interesse público associado, motivos históricos, científicos ou estatísticos que o justifiquem, comprometendo-se a Ponto de Rede a adotar as adequadas medidas de conservação e segurança.</span></font></p><p class=\"MsoNormal\" style=\"text-align: justify; margin-bottom: 0.0001pt; line-height: 200%; background-image: initial; background-position: initial; background-size: initial; background-repeat: initial; background-attachment: initial; background-origin: initial; background-clip: initial;\"><font face=\"Arial, sans-serif\"><span style=\"font-size: 18px;\"><br></span></font></p><p class=\"MsoNormal\" style=\"text-align: justify; margin-bottom: 0.0001pt; line-height: 200%; background-image: initial; background-position: initial; background-size: initial; background-repeat: initial; background-attachment: initial; background-origin: initial; background-clip: initial;\"><font face=\"Arial, sans-serif\"><span style=\"font-size: 18px;\">Cookies e Tecnologias Semelhantes</span></font></p><p class=\"MsoNormal\" style=\"text-align: justify; margin-bottom: 0.0001pt; line-height: 200%; background-image: initial; background-position: initial; background-size: initial; background-repeat: initial; background-attachment: initial; background-origin: initial; background-clip: initial;\"><font face=\"Arial, sans-serif\"><span style=\"font-size: 18px;\"><br></span></font></p><p class=\"MsoNormal\" style=\"text-align: justify; margin-bottom: 0.0001pt; line-height: 200%; background-image: initial; background-position: initial; background-size: initial; background-repeat: initial; background-attachment: initial; background-origin: initial; background-clip: initial;\"><font face=\"Arial, sans-serif\"><span style=\"font-size: 18px;\">A Tecnioffice Lda utiliza nos seus sítios eletrónicos cookies que permitem melhorar o desempenho e a experiência de navegação dos seus Utilizadores, aumentando, por um lado, a rapidez e eficiência de resposta e, por outro, eliminando a necessidade de introduzir repetidamente as mesmas informações. A colocação de cookies não só ajuda os sítios eletrónicos a reconhecer o dispositivo do Utilizador na visita seguinte mas também, com frequência, para o correto funcionamento do mesmo. Os cookies utilizados nos portais da Tecnioffice Lda são os seguintes:</span></font></p><p class=\"MsoNormal\" style=\"text-align: justify; margin-bottom: 0.0001pt; line-height: 200%; background-image: initial; background-position: initial; background-size: initial; background-repeat: initial; background-attachment: initial; background-origin: initial; background-clip: initial;\"><font face=\"Arial, sans-serif\"><span style=\"font-size: 18px;\"><br></span></font></p><p class=\"MsoNormal\" style=\"text-align: justify; margin-bottom: 0.0001pt; line-height: 200%; background-image: initial; background-position: initial; background-size: initial; background-repeat: initial; background-attachment: initial; background-origin: initial; background-clip: initial;\"><font face=\"Arial, sans-serif\"><span style=\"font-size: 18px;\">• Essenciais - necessários à navegação no sítio eletrónico garantindo o acesso a áreas privadas do mesmo, de modo a permitir a realização de serviços:</span></font></p><p class=\"MsoNormal\" style=\"text-align: justify; margin-bottom: 0.0001pt; line-height: 200%; background-image: initial; background-position: initial; background-size: initial; background-repeat: initial; background-attachment: initial; background-origin: initial; background-clip: initial;\"><font face=\"Arial, sans-serif\"><span style=\"font-size: 18px;\">- Cookies de sessão (Ex: Portal do Cidadão)</span></font></p><p class=\"MsoNormal\" style=\"text-align: justify; margin-bottom: 0.0001pt; line-height: 200%; background-image: initial; background-position: initial; background-size: initial; background-repeat: initial; background-attachment: initial; background-origin: initial; background-clip: initial;\"><font face=\"Arial, sans-serif\"><span style=\"font-size: 18px;\">• Analíticos - necessários à recolha de informação para análise estatística da navegação e utilização do sítio eletrónico, nomeadamente:</span></font></p><p class=\"MsoNormal\" style=\"text-align: justify; margin-bottom: 0.0001pt; line-height: 200%; background-image: initial; background-position: initial; background-size: initial; background-repeat: initial; background-attachment: initial; background-origin: initial; background-clip: initial;\"><font face=\"Arial, sans-serif\"><span style=\"font-size: 18px;\">- Google</span></font></p><p class=\"MsoNormal\" style=\"text-align: justify; margin-bottom: 0.0001pt; line-height: 200%; background-image: initial; background-position: initial; background-size: initial; background-repeat: initial; background-attachment: initial; background-origin: initial; background-clip: initial;\"><font face=\"Arial, sans-serif\"><span style=\"font-size: 18px;\">• Redes Sociais - possibilidade de interação com redes sociais, nomeadamente:</span></font></p><p class=\"MsoNormal\" style=\"text-align: justify; margin-bottom: 0.0001pt; line-height: 200%; background-image: initial; background-position: initial; background-size: initial; background-repeat: initial; background-attachment: initial; background-origin: initial; background-clip: initial;\"><font face=\"Arial, sans-serif\"><span style=\"font-size: 18px;\">- Facebook;</span></font></p><p class=\"MsoNormal\" style=\"text-align: justify; margin-bottom: 0.0001pt; line-height: 200%; background-image: initial; background-position: initial; background-size: initial; background-repeat: initial; background-attachment: initial; background-origin: initial; background-clip: initial;\"><font face=\"Arial, sans-serif\"><span style=\"font-size: 18px;\">- Desempenho - necessários para a monitorização da experiência de utilização do sítio eletrónico, de que são exemplo:</span></font></p><p class=\"MsoNormal\" style=\"text-align: justify; margin-bottom: 0.0001pt; line-height: 200%; background-image: initial; background-position: initial; background-size: initial; background-repeat: initial; background-attachment: initial; background-origin: initial; background-clip: initial;\"><font face=\"Arial, sans-serif\"><span style=\"font-size: 18px;\"><br></span></font></p><p class=\"MsoNormal\" style=\"text-align: justify; margin-bottom: 0.0001pt; line-height: 200%; background-image: initial; background-position: initial; background-size: initial; background-repeat: initial; background-attachment: initial; background-origin: initial; background-clip: initial;\"><font face=\"Arial, sans-serif\"><span style=\"font-size: 18px;\">Os metadados gerados pela utilização dos cookies podem ser enviados para terceiros para análise de tendências, rastreio da navegação de usuários nos sítios e desempenho dos mesmos, sem contudo identificar qualquer pessoa.</span></font></p><p class=\"MsoNormal\" style=\"text-align: justify; margin-bottom: 0.0001pt; line-height: 200%; background-image: initial; background-position: initial; background-size: initial; background-repeat: initial; background-attachment: initial; background-origin: initial; background-clip: initial;\"><font face=\"Arial, sans-serif\"><span style=\"font-size: 18px;\"><br></span></font></p><p class=\"MsoNormal\" style=\"text-align: justify; margin-bottom: 0.0001pt; line-height: 200%; background-image: initial; background-position: initial; background-size: initial; background-repeat: initial; background-attachment: initial; background-origin: initial; background-clip: initial;\"><font face=\"Arial, sans-serif\"><span style=\"font-size: 18px;\">Como controlar o uso de Cookies?</span></font></p><p class=\"MsoNormal\" style=\"text-align: justify; margin-bottom: 0.0001pt; line-height: 200%; background-image: initial; background-position: initial; background-size: initial; background-repeat: initial; background-attachment: initial; background-origin: initial; background-clip: initial;\"><font face=\"Arial, sans-serif\"><span style=\"font-size: 18px;\"><br></span></font></p><p class=\"MsoNormal\" style=\"text-align: justify; margin-bottom: 0.0001pt; line-height: 200%; background-image: initial; background-position: initial; background-size: initial; background-repeat: initial; background-attachment: initial; background-origin: initial; background-clip: initial;\"><font face=\"Arial, sans-serif\"><span style=\"font-size: 18px;\">Os utilizadores podem impedir o uso de cookies nas configurações do navegador. Se limitar esta opção, no entanto, a utilização de alguns recursos ou o desempenho de determinadas ferramentas pode ficar condicionada.</span></font></p><p class=\"MsoNormal\" style=\"text-align: justify; margin-bottom: 0.0001pt; line-height: 200%; background-image: initial; background-position: initial; background-size: initial; background-repeat: initial; background-attachment: initial; background-origin: initial; background-clip: initial;\"><font face=\"Arial, sans-serif\"><span style=\"font-size: 18px;\"><br></span></font></p><p class=\"MsoNormal\" style=\"text-align: justify; margin-bottom: 0.0001pt; line-height: 200%; background-image: initial; background-position: initial; background-size: initial; background-repeat: initial; background-attachment: initial; background-origin: initial; background-clip: initial;\"><font face=\"Arial, sans-serif\"><span style=\"font-size: 18px;\">Exoneração de Responsabilidade</span></font></p><p class=\"MsoNormal\" style=\"text-align: justify; margin-bottom: 0.0001pt; line-height: 200%; background-image: initial; background-position: initial; background-size: initial; background-repeat: initial; background-attachment: initial; background-origin: initial; background-clip: initial;\"><font face=\"Arial, sans-serif\"><span style=\"font-size: 18px;\"><br></span></font></p><p class=\"MsoNormal\" style=\"text-align: justify; margin-bottom: 0.0001pt; line-height: 200%; background-image: initial; background-position: initial; background-size: initial; background-repeat: initial; background-attachment: initial; background-origin: initial; background-clip: initial;\"><font face=\"Arial, sans-serif\"><span style=\"font-size: 18px;\">A Tecnioffice Lda não poderá ser responsabilizada por quaisquer prejuízos ou danos em sede de responsabilidade civil (incluindo, mas sem que a estes estejam limitados, danos emergentes, lucros cessantes e danos morais, causados directa ou indirectamente), que surjam em consequência da utilização, correta ou incorrecta dos seus sítios electrónicos e respectivos conteúdos por parte do utilizador, do acesso ao computador e sistema informático do utilizador por terceiros. A informação divulgada deve ser encarada na sua vertente informativa. Apesar dos esforços da Tecnioffice Lda em manter os conteúdos actualizados e fidedignos, estes podem conter incorrecções, erros de escrita ou estar desactualizados, pelo que não poderá a Tecnioffice Lda ser responsabilizada no que respeita à completa exactidão e actualidade de qualquer informação constante dos seus sítios. Os sítios electrónicos podem conter ligações para sítios operados por entidades terceiras sobre os quais não tem controlo e pelos quais não assume qualquer responsabilidade. A visualização de disposições legais neste sítio, não dispensa a consulta das normas legais em vigor, aprovadas oficialmente, publicadas nas edições e suportes originais (nomeadamente o Diário da República ou o Jornal Oficial da União Europeia).</span></font></p><p class=\"MsoNormal\" style=\"text-align: justify; margin-bottom: 0.0001pt; line-height: 200%; background-image: initial; background-position: initial; background-size: initial; background-repeat: initial; background-attachment: initial; background-origin: initial; background-clip: initial;\"><font face=\"Arial, sans-serif\"><span style=\"font-size: 18px;\"><br></span></font></p><p class=\"MsoNormal\" style=\"text-align: justify; margin-bottom: 0.0001pt; line-height: 200%; background-image: initial; background-position: initial; background-size: initial; background-repeat: initial; background-attachment: initial; background-origin: initial; background-clip: initial;\"><font face=\"Arial, sans-serif\"><span style=\"font-size: 18px;\">Alteração à política de segurança e privacidade</span></font></p><p class=\"MsoNormal\" style=\"text-align: justify; margin-bottom: 0.0001pt; line-height: 200%; background-image: initial; background-position: initial; background-size: initial; background-repeat: initial; background-attachment: initial; background-origin: initial; background-clip: initial;\"><font face=\"Arial, sans-serif\"><span style=\"font-size: 18px;\"><br></span></font></p><p class=\"MsoNormal\" style=\"text-align: justify; margin-bottom: 0.0001pt; line-height: 200%; background-image: initial; background-position: initial; background-size: initial; background-repeat: initial; background-attachment: initial; background-origin: initial; background-clip: initial;\"><font face=\"Arial, sans-serif\"><span style=\"font-size: 18px;\">Os presentes Termos e Condições, que deverá ler atentamente, poderão ser alterados, considerando-se que as alterações entram em vigor a partir da data da sua colocação neste sítio, fazendo-se expressa referência à data de actualização. Os presentes Termos e Condições são regidos e interpretados de acordo com a lei portuguesa. É competente o Tribunal de Lisboa com exclusão de qualquer outro para dirimir quaisquer conflitos que resultem da interpretação e aplicação dos presentes Termos e Condições para a utilização deste sítio.</span></font></p><p class=\"MsoNormal\" style=\"margin-bottom: 0.0001pt; line-height: 200%; background-image: initial; background-position: initial; background-size: initial; background-repeat: initial; background-attachment: initial; background-origin: initial; background-clip: initial;\"><font face=\"Arial, sans-serif\"><span style=\"font-size: 18px;\"><br></span></font></p><p class=\"MsoNormal\" style=\"margin-bottom: 0.0001pt; line-height: 200%; background-image: initial; background-position: initial; background-size: initial; background-repeat: initial; background-attachment: initial; background-origin: initial; background-clip: initial;\"><font face=\"Arial, sans-serif\"><span style=\"font-size: 18px;\"><b>from .rede 14/10/2019</b></span></font></p>',1,'2019-09-13 16:23:20','2019-11-10 08:51:19'),(6,'Privacidade','Política Privacidade','Os seus dados pessoais','privacidade','<div style=\"caret-color: rgb(255, 255, 255); text-size-adjust: auto; text-align: justify;\"><font face=\"Arial, sans-serif\"><span style=\"font-size: 18px;\"><span style=\"font-weight: 600;\">As nossas políticas e informações legais</span></span></font></div><div style=\"caret-color: rgb(255, 255, 255); text-size-adjust: auto; text-align: justify;\"><font face=\"Arial, sans-serif\"><span style=\"font-size: 18px;\"><br></span></font></div><div style=\"caret-color: rgb(255, 255, 255); text-size-adjust: auto; text-align: justify;\"><font face=\"Arial, sans-serif\"><span style=\"font-size: 18px;\">A protecção&nbsp;da privacidade e dos dados pessoais é uma prioridade para a Tecnioffice Lda e um claro compromisso assumido por nós. Esta política diz respeito às práticas de privacidade dos portais e sítios online geridos pela Tecnioffice Lda. Quaisquer dados pessoais que nos forneça serão tratados com as garantias de segurança e confidencialidade exigidas pelo enquadramento legal relativo à Protecção&nbsp;de dados pessoais. O acesso e a utilização dos sítios sob a responsabilidade da&nbsp;</span></font><span style=\"font-family: Arial, sans-serif; font-size: 18px;\">Tecnioffice Lda</span><font face=\"Arial, sans-serif\"><span style=\"font-size: 18px;\">&nbsp;devem ser livres por parte do utilizador presumindo a Ponto de Rede que este leu, compreendeu e aceitou os Termos e Condições da sua utilização. Quaisquer tentativas de alterar a informação, ou qualquer outra acção que possa causar dano e pôr em risco a integridade do sistema, são estritamente proibidas de acordo com a legislação em vigor.</span></font></div><div style=\"caret-color: rgb(255, 255, 255); text-size-adjust: auto; text-align: justify;\"><font face=\"Arial, sans-serif\"><span style=\"font-size: 18px;\">O utilizador deste sítio obriga-se a cumprir escrupulosamente a legislação aplicável, nomeadamente, em matéria de criminalidade informática e de direitos de propriedade intelectual, sendo exclusivamente responsável pela infracção&nbsp;destes normativos.</span></font></div><div style=\"caret-color: rgb(255, 255, 255); text-size-adjust: auto; text-align: justify;\"><font face=\"Arial, sans-serif\"><span style=\"font-size: 18px;\"><br></span></font></div><div style=\"caret-color: rgb(255, 255, 255); text-size-adjust: auto; text-align: justify;\"><font face=\"Arial, sans-serif\"><span style=\"font-size: 18px;\">Encarregado de Proteção de Dados</span></font></div><div style=\"caret-color: rgb(255, 255, 255); text-size-adjust: auto; text-align: justify;\"><font face=\"Arial, sans-serif\"><span style=\"font-size: 18px;\"><br></span></font></div><div style=\"caret-color: rgb(255, 255, 255); text-size-adjust: auto; text-align: justify;\"><font face=\"Arial, sans-serif\"><span style=\"font-size: 18px;\">A&nbsp;</span></font><span style=\"font-family: Arial, sans-serif; font-size: 18px;\">Tecnioffice Lda</span><font face=\"Arial, sans-serif\"><span style=\"font-size: 18px;\">&nbsp;designou um Encarregado de Proteção de Dados que poderá ser contactado através do endereço eletrónico rgpd@pontoderede.pt ou por carta registada com aviso de receção para Rua Padre Donaciano Abreu Freire, 49, Loja B, 3860-384 Estarreja.</span></font></div><div style=\"caret-color: rgb(255, 255, 255); text-size-adjust: auto; text-align: justify;\"><font face=\"Arial, sans-serif\"><span style=\"font-size: 18px;\"><br></span></font></div><div style=\"caret-color: rgb(255, 255, 255); text-size-adjust: auto; text-align: justify;\"><font face=\"Arial, sans-serif\"><span style=\"font-size: 18px;\">Privacidade</span></font></div><div style=\"caret-color: rgb(255, 255, 255); text-size-adjust: auto; text-align: justify;\"><font face=\"Arial, sans-serif\"><span style=\"font-size: 18px;\"><br></span></font></div><div style=\"caret-color: rgb(255, 255, 255); text-size-adjust: auto; text-align: justify;\"><font face=\"Arial, sans-serif\"><span style=\"font-size: 18px;\">A&nbsp;</span></font><span style=\"font-family: Arial, sans-serif; font-size: 18px;\">Tecnioffice Lda</span><font face=\"Arial, sans-serif\"><span style=\"font-size: 18px;\">&nbsp;respeita o seu direito à privacidade e não recolhe neste sítio qualquer informação pessoal sobre si sem o seu pedido ou consentimento explícito. A interação com os sítios da&nbsp;</span></font><span style=\"font-family: Arial, sans-serif; font-size: 18px;\">Tecnioffice Lda</span><font face=\"Arial, sans-serif\"><span style=\"font-size: 18px;\">&nbsp;não exige qualquer informação do utilizador, salvo quando, para propósitos expressamente identificados, o registo seja declarado necessário e seja por aquele autorizado, nos termos definidos em seguida.</span></font></div><div style=\"caret-color: rgb(255, 255, 255); text-size-adjust: auto; text-align: justify;\"><font face=\"Arial, sans-serif\"><span style=\"font-size: 18px;\"><br></span></font></div><div style=\"caret-color: rgb(255, 255, 255); text-size-adjust: auto; text-align: justify;\"><font face=\"Arial, sans-serif\"><span style=\"font-size: 18px;\">Responsável pelo Tratamento</span></font></div><div style=\"caret-color: rgb(255, 255, 255); text-size-adjust: auto; text-align: justify;\"><font face=\"Arial, sans-serif\"><span style=\"font-size: 18px;\"><br></span></font></div><div style=\"caret-color: rgb(255, 255, 255); text-size-adjust: auto; text-align: justify;\"><font face=\"Arial, sans-serif\"><span style=\"font-size: 18px;\">A&nbsp;</span></font><span style=\"font-family: Arial, sans-serif; font-size: 18px;\">Tecnioffice Lda</span><font face=\"Arial, sans-serif\"><span style=\"font-size: 18px;\">&nbsp;enquanto responsável pelo tratamento de dados, assegura que o tratamento dos seus dados pessoais é efetuado apenas no âmbito das finalidades para as quais os mesmos foram recolhidos ou para finalidades compatíveis com aquelas. Recolhe, utiliza e conserva apenas os dados pessoais mínimos, necessários e suficientes para a finalidade em causa. Não procede a qualquer transmissão de dados pessoais para fins comerciais ou de publicidade. Trata os dados pessoais para fins legalmente previstos ou para a prossecução de serviços online a seu pedido.</span></font></div><div style=\"caret-color: rgb(255, 255, 255); text-size-adjust: auto; text-align: justify;\"><font face=\"Arial, sans-serif\"><span style=\"font-size: 18px;\"><br></span></font></div><div style=\"caret-color: rgb(255, 255, 255); text-size-adjust: auto; text-align: justify;\"><font face=\"Arial, sans-serif\"><span style=\"font-size: 18px;\">Tipologia de Dados Pessoais</span></font></div><div style=\"caret-color: rgb(255, 255, 255); text-size-adjust: auto; text-align: justify;\"><font face=\"Arial, sans-serif\"><span style=\"font-size: 18px;\"><br></span></font></div><div style=\"caret-color: rgb(255, 255, 255); text-size-adjust: auto; text-align: justify;\"><font face=\"Arial, sans-serif\"><span style=\"font-size: 18px;\">Os dados pessoais sujeitos a tratamento por parte da&nbsp;</span></font><span style=\"font-family: Arial, sans-serif; font-size: 18px;\">Tecnioffice Lda</span><font face=\"Arial, sans-serif\"><span style=\"font-size: 18px;\">&nbsp;são de diversa natureza atenta a prestação de serviços promovidos nas plataformas eletrónicas sob a sua gestão. De acordo com o tipo de serviços prestado podem ser recolhidos, após sua prévia autorização: o nome; a data de nascimento; o número de identificação fiscal; o número de identificação civil; o número de segurança social; o número de documento de identificação; a morada; o endereço eletrónico; o número de telemóvel.</span></font></div><div style=\"caret-color: rgb(255, 255, 255); text-size-adjust: auto; text-align: justify;\"><font face=\"Arial, sans-serif\"><span style=\"font-size: 18px;\"><br></span></font></div><div style=\"caret-color: rgb(255, 255, 255); text-size-adjust: auto; text-align: justify;\"><font face=\"Arial, sans-serif\"><span style=\"font-size: 18px;\">Segurança de Dados Pessoais</span></font></div><div style=\"caret-color: rgb(255, 255, 255); text-size-adjust: auto; text-align: justify;\"><font face=\"Arial, sans-serif\"><span style=\"font-size: 18px;\"><br></span></font></div><div style=\"caret-color: rgb(255, 255, 255); text-size-adjust: auto; text-align: justify;\"><font face=\"Arial, sans-serif\"><span style=\"font-size: 18px;\">A&nbsp;</span></font><span style=\"font-family: Arial, sans-serif; font-size: 18px;\">Tecnioffice Lda</span><font face=\"Arial, sans-serif\"><span style=\"font-size: 18px;\">, na prossecução das suas atividades, utiliza um conjunto de tecnologias e procedimentos de segurança adequados à proteção dos seus dados pessoais, protegendo o acesso e divulgação não autorizados, nomeadamente, medidas de segurança física, nomeadamente o controlo de acessos de funcionários, colaboradores e visitantes às instalações da sede e, sobre as instalações de centros de dados e computação, mecanismos muito restritos de combate à intrusão, extinção de incêndios. Medidas de segurança lógica, na componente de acessos a sistemas e postos de trabalho através de mecanismos de gestão de identidades, autenticação e privilégios; na componente de rede o uso de firewalls e sistemas de deteção de intrusão, segregando redes (interna, externa, zona desmilitarizada) e ambientes aplicacionais, bem como cifragem de informação através de canais de comunicação seguros.</span></font></div><div style=\"caret-color: rgb(255, 255, 255); text-size-adjust: auto; text-align: justify;\"><font face=\"Arial, sans-serif\"><span style=\"font-size: 18px;\"><br></span></font></div><div style=\"caret-color: rgb(255, 255, 255); text-size-adjust: auto; text-align: justify;\"><font face=\"Arial, sans-serif\"><span style=\"font-size: 18px;\">Acesso e controlo dos Dados Pessoais</span></font></div><div style=\"caret-color: rgb(255, 255, 255); text-size-adjust: auto; text-align: justify;\"><font face=\"Arial, sans-serif\"><span style=\"font-size: 18px;\"><br></span></font></div><div style=\"caret-color: rgb(255, 255, 255); text-size-adjust: auto; text-align: justify;\"><font face=\"Arial, sans-serif\"><span style=\"font-size: 18px;\">Possibilitamos, a seu pedido, o acesso, a retificação e o apagamento dos dados pessoais. Tem também o direito de se opor ao processamento dos seus dados pessoais.&nbsp; Caso a utilização dos seus dados pessoais seja baseada no consentimento, tem o direito de o retirar, sem comprometer a validade do tratamento de dados efetuado até esse momento. Através do encarregado de proteção de dados (rgpd@pontoderede.pt) pode solicitar, Informação acerca dos seus dados, informação acerca do processamento, a finalidade subjacente ao tratamento, a correção, ou atualização, de algum dado, os seus dados num formato aberto, o apagamento dos dados, o que prejudicará, neste caso, futuros tratamentos.</span></font></div><div style=\"caret-color: rgb(255, 255, 255); text-size-adjust: auto; text-align: justify;\"><font face=\"Arial, sans-serif\"><span style=\"font-size: 18px;\"><br></span></font></div><div style=\"caret-color: rgb(255, 255, 255); text-size-adjust: auto; text-align: justify;\"><font face=\"Arial, sans-serif\"><span style=\"font-size: 18px;\">Arquivo de Dados Pessoais</span></font></div><div style=\"caret-color: rgb(255, 255, 255); text-size-adjust: auto; text-align: justify;\"><font face=\"Arial, sans-serif\"><span style=\"font-size: 18px;\"><br></span></font></div><div style=\"caret-color: rgb(255, 255, 255); text-size-adjust: auto; text-align: justify;\"><font face=\"Arial, sans-serif\"><span style=\"font-size: 18px;\">Os seus dados pessoais são conservados pela&nbsp;</span></font><span style=\"font-family: Arial, sans-serif; font-size: 18px;\">Tecnioffice Lda</span><font face=\"Arial, sans-serif\"><span style=\"font-size: 18px;\">&nbsp;pelo período estritamente necessário ao tratamento, de acordo com a finalidade respetiva. Os períodos de conservação podem alterar-se de acordo com o interesse público associado, motivos históricos, científicos ou estatísticos que o justifiquem, comprometendo-se a Ponto de Rede a adotar as adequadas medidas de conservação e segurança.</span></font></div><div style=\"caret-color: rgb(255, 255, 255); text-size-adjust: auto; text-align: justify;\"><font face=\"Arial, sans-serif\"><span style=\"font-size: 18px;\"><br></span></font></div><div style=\"caret-color: rgb(255, 255, 255); text-size-adjust: auto; text-align: justify;\"><font face=\"Arial, sans-serif\"><span style=\"font-size: 18px;\">Cookies e Tecnologias Semelhantes</span></font></div><div style=\"caret-color: rgb(255, 255, 255); text-size-adjust: auto; text-align: justify;\"><font face=\"Arial, sans-serif\"><span style=\"font-size: 18px;\"><br></span></font></div><div style=\"caret-color: rgb(255, 255, 255); text-size-adjust: auto; text-align: justify;\"><font face=\"Arial, sans-serif\"><span style=\"font-size: 18px;\">A&nbsp;</span></font><span style=\"font-family: Arial, sans-serif; font-size: 18px;\">Tecnioffice Lda</span><font face=\"Arial, sans-serif\"><span style=\"font-size: 18px;\">&nbsp;utiliza nos seus sítios eletrónicos cookies que permitem melhorar o desempenho e a experiência de navegação dos seus Utilizadores, aumentando, por um lado, a rapidez e eficiência de resposta e, por outro, eliminando a necessidade de introduzir repetidamente as mesmas informações. A colocação de cookies não só ajuda os sítios eletrónicos a reconhecer o dispositivo do Utilizador na visita seguinte mas também, com frequência, para o correto funcionamento do mesmo. Os cookies utilizados nos portais da&nbsp;</span></font><span style=\"font-family: Arial, sans-serif; font-size: 18px;\">Tecnioffice Lda</span><font face=\"Arial, sans-serif\"><span style=\"font-size: 18px;\">&nbsp;são os seguintes:</span></font></div><div style=\"caret-color: rgb(255, 255, 255); text-size-adjust: auto; text-align: justify;\"><font face=\"Arial, sans-serif\"><span style=\"font-size: 18px;\"><br></span></font></div><div style=\"caret-color: rgb(255, 255, 255); text-size-adjust: auto; text-align: justify;\"><font face=\"Arial, sans-serif\"><span style=\"font-size: 18px;\">• Essenciais - necessários à navegação no sítio eletrónico garantindo o acesso a áreas privadas do mesmo, de modo a permitir a realização de serviços:</span></font></div><div style=\"caret-color: rgb(255, 255, 255); text-size-adjust: auto; text-align: justify;\"><font face=\"Arial, sans-serif\"><span style=\"font-size: 18px;\">- Cookies de sessão (Ex: Portal do Cidadão)</span></font></div><div style=\"caret-color: rgb(255, 255, 255); text-size-adjust: auto; text-align: justify;\"><font face=\"Arial, sans-serif\"><span style=\"font-size: 18px;\">• Analíticos - necessários à recolha de informação para análise estatística da navegação e utilização do sítio eletrónico, nomeadamente:</span></font></div><div style=\"caret-color: rgb(255, 255, 255); text-size-adjust: auto; text-align: justify;\"><font face=\"Arial, sans-serif\"><span style=\"font-size: 18px;\">- Google</span></font></div><div style=\"caret-color: rgb(255, 255, 255); text-size-adjust: auto; text-align: justify;\"><font face=\"Arial, sans-serif\"><span style=\"font-size: 18px;\">• Redes Sociais - possibilidade de interação com redes sociais, nomeadamente:</span></font></div><div style=\"caret-color: rgb(255, 255, 255); text-size-adjust: auto; text-align: justify;\"><font face=\"Arial, sans-serif\"><span style=\"font-size: 18px;\">- Facebook;</span></font></div><div style=\"caret-color: rgb(255, 255, 255); text-size-adjust: auto; text-align: justify;\"><font face=\"Arial, sans-serif\"><span style=\"font-size: 18px;\">- Desempenho - necessários para a monitorização da experiência de utilização do sítio eletrónico, de que são exemplo:</span></font></div><div style=\"caret-color: rgb(255, 255, 255); text-size-adjust: auto; text-align: justify;\"><font face=\"Arial, sans-serif\"><span style=\"font-size: 18px;\"><br></span></font></div><div style=\"caret-color: rgb(255, 255, 255); text-size-adjust: auto; text-align: justify;\"><font face=\"Arial, sans-serif\"><span style=\"font-size: 18px;\">Os metadados gerados pela utilização dos cookies podem ser enviados para terceiros para análise de tendências, rastreio da navegação de usuários nos sítios e desempenho dos mesmos, sem contudo identificar qualquer pessoa.</span></font></div><div style=\"caret-color: rgb(255, 255, 255); text-size-adjust: auto; text-align: justify;\"><font face=\"Arial, sans-serif\"><span style=\"font-size: 18px;\"><br></span></font></div><div style=\"caret-color: rgb(255, 255, 255); text-size-adjust: auto; text-align: justify;\"><font face=\"Arial, sans-serif\"><span style=\"font-size: 18px;\">Como controlar o uso de Cookies?</span></font></div><div style=\"caret-color: rgb(255, 255, 255); text-size-adjust: auto; text-align: justify;\"><font face=\"Arial, sans-serif\"><span style=\"font-size: 18px;\"><br></span></font></div><div style=\"caret-color: rgb(255, 255, 255); text-size-adjust: auto; text-align: justify;\"><font face=\"Arial, sans-serif\"><span style=\"font-size: 18px;\">Os utilizadores podem impedir o uso de cookies nas configurações do navegador. Se limitar esta opção, no entanto, a utilização de alguns recursos ou o desempenho de determinadas ferramentas pode ficar condicionada.</span></font></div><div style=\"caret-color: rgb(255, 255, 255); text-size-adjust: auto; text-align: justify;\"><font face=\"Arial, sans-serif\"><span style=\"font-size: 18px;\"><br></span></font></div><div style=\"caret-color: rgb(255, 255, 255); text-size-adjust: auto; text-align: justify;\"><font face=\"Arial, sans-serif\"><span style=\"font-size: 18px;\">Exoneração de Responsabilidade</span></font></div><div style=\"caret-color: rgb(255, 255, 255); text-size-adjust: auto; text-align: justify;\"><font face=\"Arial, sans-serif\"><span style=\"font-size: 18px;\"><br></span></font></div><div style=\"caret-color: rgb(255, 255, 255); text-size-adjust: auto; text-align: justify;\"><font face=\"Arial, sans-serif\"><span style=\"font-size: 18px;\">A&nbsp;</span></font><span style=\"font-family: Arial, sans-serif; font-size: 18px;\">Tecnioffice Lda</span><font face=\"Arial, sans-serif\"><span style=\"font-size: 18px;\">&nbsp;não poderá ser responsabilizada por quaisquer prejuízos ou danos em sede de responsabilidade civil (incluindo, mas sem que a estes estejam limitados, danos emergentes, lucros cessantes e danos morais, causados directa&nbsp;ou indirectamente), que surjam em consequência da utilização, correta ou incorrecta&nbsp;dos seus sítios electrónicos&nbsp;e respectivos&nbsp;conteúdos por parte do utilizador, do acesso ao computador e sistema informático do utilizador por terceiros. A informação divulgada deve ser encarada na sua vertente informativa. Apesar dos esforços da&nbsp;</span></font><span style=\"font-family: Arial, sans-serif; font-size: 18px;\">Tecnioffice Lda</span><font face=\"Arial, sans-serif\"><span style=\"font-size: 18px;\">&nbsp;em manter os conteúdos actualizados&nbsp;e fidedignos, estes podem conter incorrecções, erros de escrita ou estar desactualizados, pelo que não poderá a&nbsp;</span></font><span style=\"font-family: Arial, sans-serif; font-size: 18px;\">Tecnioffice Lda&nbsp;</span><font face=\"Arial, sans-serif\"><span style=\"font-size: 18px;\">ser responsabilizada no que respeita à completa exactidão&nbsp;e actualidade&nbsp;de qualquer informação constante dos seus sítios. Os sítios electrónicos&nbsp;podem conter ligações para sítios operados por entidades terceiras sobre os quais não tem controlo e pelos quais não assume qualquer responsabilidade. A visualização de disposições legais neste sítio, não dispensa a consulta das normas legais em vigor, aprovadas oficialmente, publicadas nas edições e suportes originais (nomeadamente o Diário da República ou o Jornal Oficial da União Europeia).</span></font></div><div style=\"caret-color: rgb(255, 255, 255); text-size-adjust: auto; text-align: justify;\"><font face=\"Arial, sans-serif\"><span style=\"font-size: 18px;\"><br></span></font></div><div style=\"caret-color: rgb(255, 255, 255); text-size-adjust: auto; text-align: justify;\"><font face=\"Arial, sans-serif\"><span style=\"font-size: 18px;\">Alteração à política de segurança e privacidade</span></font></div><div style=\"caret-color: rgb(255, 255, 255); text-size-adjust: auto; text-align: justify;\"><font face=\"Arial, sans-serif\"><span style=\"font-size: 18px;\"><br></span></font></div><div style=\"caret-color: rgb(255, 255, 255); text-size-adjust: auto; text-align: justify;\"><font face=\"Arial, sans-serif\"><span style=\"font-size: 18px;\">Os presentes Termos e Condições, que deverá ler atentamente, poderão ser alterados, considerando-se que as alterações entram em vigor a partir da data da sua colocação neste sítio, fazendo-se expressa referência à data de actualização. Os presentes Termos e Condições são regidos e interpretados de acordo com a lei portuguesa. É competente o Tribunal de Lisboa com exclusão de qualquer outro para dirimir quaisquer conflitos que resultem da interpretação e aplicação dos presentes Termos e Condições para a utilização deste sítio.</span></font></div><div style=\"caret-color: rgb(255, 255, 255); text-size-adjust: auto; text-align: justify;\"><font face=\"Arial, sans-serif\"><span style=\"font-size: 18px;\"><br></span></font></div><div style=\"caret-color: rgb(255, 255, 255); text-size-adjust: auto; text-align: justify;\"><font face=\"Arial, sans-serif\"><span style=\"font-size: 18px;\"><i>from .rede 14/10/2019</i></span></font></div>',1,'2019-09-13 16:28:29','2019-11-19 18:12:25'),(8,'Email','Configuração email?','Dados para configuração.','email','<div style=\"text-align: justify;\"><span style=\"font-weight: 600;\">Configuração Cliente de Email</span></div><div style=\"text-align: justify;\"><br></div><div style=\"text-align: justify;\">Os nossos servidores permitem que receba o seu email em qualquer dispositivo, seja ele um pc, tablet ou telemóvel. Para configurar o seu dispositivo deve inserir as seguintes informações.</div><div style=\"text-align: justify;\"><br></div><blockquote style=\"margin-bottom: 0px; margin-left: 40px; border: none; padding: 0px;\"><div style=\"text-align: justify;\">Para o protocolo<span style=\"font-weight: 600;\"><span class=\"Apple-converted-space\">&nbsp;</span>IMAP</span></div><div style=\"text-align: justify;\">Servidor de envio e recepção&nbsp; \"mail.nomedoseudominio.com\".</div><div style=\"text-align: justify;\">Porta servidor de envio \"465\".</div><div style=\"text-align: justify;\">Porta servidor de recepção \"993\".</div><div style=\"text-align: justify;\">Segurança \"SSL\"<br></div><div style=\"text-align: justify;\"><br></div><div style=\"text-align: justify;\">Para o protocolo<span style=\"font-weight: 600;\"><span class=\"Apple-converted-space\">&nbsp;</span>POP3</span></div><div><div style=\"text-align: justify;\">Servidor de envio e recepção&nbsp; \"mail.nomedoseudominio.com\".</div><div style=\"text-align: justify;\">Porta servidor de envio \"25\".</div><div style=\"text-align: justify;\">Porta servidor de recepção \"143\".</div><div style=\"text-align: justify;\">Segurança \"SSL\"</div></div><div style=\"text-align: justify;\"><br></div></blockquote><div style=\"text-align: justify;\">Se está com problemas na recepção e envio dos email´s, antes de contactar a equipa de suporte&nbsp; deve verificar se o seu plano de alojamento não está no limite do espaço disponibilizado e se os servidor de envio e recepção de email têm as configurações acima descritas.</div><div style=\"text-align: justify;\"><br></div><div><div style=\"caret-color: rgb(255, 255, 255); text-size-adjust: auto; text-align: justify;\">Concluídas as configurações acima referidas pode testar o seu email enviando um email para hello@pontoderede.pt. Para mais informações acerca de possíveis configurações contacte-nos através dos meios disponíveis para o efeito.</div><div style=\"caret-color: rgb(255, 255, 255); text-size-adjust: auto; text-align: justify;\"><br></div><div style=\"caret-color: rgb(255, 255, 255); text-size-adjust: auto; text-align: justify;\">Se procura um cliente de email visite a nossa dropbox na área &gt; opensource &gt; clientes de email.</div><div style=\"caret-color: rgb(255, 255, 255); text-size-adjust: auto; text-align: justify;\"><br></div><div style=\"caret-color: rgb(255, 255, 255); text-size-adjust: auto; text-align: justify;\"><i>from .rede&nbsp;</i></div><div><i><br></i></div><div style=\"caret-color: rgb(255, 255, 255); text-size-adjust: auto;\"></div></div>',1,'2019-11-10 13:15:06','2019-11-19 17:59:30'),(9,'Automação','Automação','Algo que deve reter!','automacao','<div style=\"caret-color: rgb(255, 255, 255); text-size-adjust: auto; text-align: justify;\"><span style=\"font-weight: 600;\">Automação e a influência nos serviços de alojamento web</span></div><div style=\"caret-color: rgb(255, 255, 255); text-size-adjust: auto; text-align: justify;\"><br></div><div style=\"caret-color: rgb(255, 255, 255); text-size-adjust: auto; text-align: justify;\">Todos os nossos planos de alojamento estão automatizados por forma a agilizar processos. A automatização incide sobre todos os processos de subscrição / renovação dos planos de alojamento bem como domínios. A automação é importante pois permite um controlo imediato do cliente perante o plano de alojamento subscrito.</div><div style=\"caret-color: rgb(255, 255, 255); text-size-adjust: auto; text-align: justify;\"><br></div><div style=\"caret-color: rgb(255, 255, 255); text-size-adjust: auto; text-align: justify;\">Da mesma forma que a automação é eficiente no processamento dos pedidos dos clientes, também é eficaz na gestão dos invoices, pelo que a ausência de pagamentos dos invoices em falta acaba por despoletar a suspenção do plano de alojamento ou até mesmo o encerramento da conta de alojamento e por consequência a perda de todos os dados .&nbsp;</div><div style=\"caret-color: rgb(255, 255, 255); text-size-adjust: auto; text-align: justify;\"><br></div><div style=\"caret-color: rgb(255, 255, 255); text-size-adjust: auto; text-align: justify;\">Face ao exposto, deve ter presente que as datas de renovação dos serviços são importantes e devem ser cumpridas escrupulosamente, por forma a assim evitar constrangimentos nos serviços.</div><div style=\"caret-color: rgb(255, 255, 255); text-size-adjust: auto; text-align: justify;\"><br></div><div style=\"caret-color: rgb(255, 255, 255); text-size-adjust: auto; text-align: justify;\">Todas as intervenções dos servidores&nbsp;e o estado de todos os serviços pode ser consultado<span class=\"Apple-converted-space\">&nbsp;</span><a href=\"https://host.pontoderede.pt/serverstatus.php\" title=\"\" target=\"\">aqui</a>.</div><div style=\"caret-color: rgb(255, 255, 255); text-size-adjust: auto; text-align: justify;\"><br></div><div style=\"caret-color: rgb(255, 255, 255); text-size-adjust: auto; text-align: justify;\">.rede 01/10/2017</div>',1,'2019-11-10 13:16:02','2019-11-19 17:57:37');

--
-- Table structure for table `partners`
--

CREATE TABLE `partners` (
  `id` int(11) NOT NULL AUTO_INCREMENT,
  `image` varchar(255) DEFAULT NULL,
  `url` varchar(255) DEFAULT NULL,
  PRIMARY KEY (`id`)
) ENGINE=InnoDB AUTO_INCREMENT=31 DEFAULT CHARSET=utf8mb4;

--
-- Dumping data for table `partners`
--

INSERT INTO `partners` VALUES (18,'1567446362.png','https://themeforest.net/'),(19,'1574088711.png','#'),(20,'1574088726.png','#'),(21,'1574088742.png','https://dominios.pt/'),(22,'1574088761.jpg','#'),(23,'1574088775.png','#'),(24,'1574088792.png','#'),(25,'1574088810.png','#'),(26,'1574088820.png','#'),(27,'1574088842.png','#'),(28,'1574088857.png','#'),(29,'1575744550.png','#'),(30,'1575744570.png','#');

--
-- Table structure for table `points`
--

CREATE TABLE `points` (
  `id` int(11) NOT NULL AUTO_INCREMENT,
  `icon` varchar(255) DEFAULT NULL,
  `title` varchar(255) DEFAULT NULL,
  `short_text` varchar(255) DEFAULT NULL,
  PRIMARY KEY (`id`)
) ENGINE=InnoDB AUTO_INCREMENT=12 DEFAULT CHARSET=utf8mb4;

--
-- Dumping data for table `points`
--

INSERT INTO `points` VALUES (6,'fas fa-bullseye','Domínio','Só tem de escolher o domínio pretendido! Nós tratamos do resto.'),(7,'fas fa-clipboard-list','Alojamento Web','Espaço necessário para alojar a sua aplicação web.'),(8,'fas fa-sync','Aplicação Web','O seu website, loja ecommerce, blog pessoal, portfólio, etc... .'),(11,'fas fa-heart','Email','Conta de email gratuita e personalizada de acordo com o nome do domínio.');

--
-- Table structure for table `portfolio_images`
--

CREATE TABLE `portfolio_images` (
  `id` int(11) NOT NULL AUTO_INCREMENT,
  `portfolio_id` int(11) DEFAULT NULL,
  `image` varchar(255) DEFAULT NULL,
  `created_at` timestamp NULL DEFAULT NULL,
  `updated_at` timestamp NULL DEFAULT NULL,
  PRIMARY KEY (`id`)
) ENGINE=InnoDB AUTO_INCREMENT=238 DEFAULT CHARSET=utf8mb4;

--
-- Dumping data for table `portfolio_images`
--

INSERT INTO `portfolio_images` VALUES (228,19,'5dd3df2062152.jpg','2019-11-19 12:25:04','2019-11-19 12:25:04'),(229,18,'5dd3df5756f60.jpg','2019-11-19 12:25:59','2019-11-19 12:25:59'),(230,17,'5dd3dfd1e10c8.jpg','2019-11-19 12:28:01','2019-11-19 12:28:01'),(231,16,'5dd3e04e83710.jpg','2019-11-19 12:30:06','2019-11-19 12:30:06'),(232,15,'5dd3e169a0b8d.jpg','2019-11-19 12:34:49','2019-11-19 12:34:49'),(233,14,'5dd3e1a9e4c27.jpg','2019-11-19 12:35:53','2019-11-19 12:35:53'),(234,13,'5dd3e407752c3.jpg','2019-11-19 12:45:59','2019-11-19 12:45:59'),(235,12,'5dd3e460bcee8.jpg','2019-11-19 12:47:28','2019-11-19 12:47:28'),(236,11,'5dd3e4ad27c04.jpg','2019-11-19 12:48:45','2019-11-19 12:48:45'),(237,20,'5dd3e501a85fc.jpg','2019-11-19 12:50:09','2019-11-19 12:51:27');

--
-- Table structure for table `portfolios`
--

CREATE TABLE `portfolios` (
  `id` int(11) NOT NULL AUTO_INCREMENT,
  `title` varchar(255) DEFAULT NULL,
  `slug` varchar(255) DEFAULT NULL,
  `start_date` varchar(255) DEFAULT NULL,
  `submission_date` varchar(255) DEFAULT NULL,
  `client_name` varchar(255) DEFAULT NULL,
  `tags` text,
  `featured_image` varchar(255) DEFAULT NULL,
  `service_id` int(11) DEFAULT NULL,
  `content` blob,
  `status` varchar(20) DEFAULT NULL,
  `created_at` timestamp NULL DEFAULT NULL,
  `updated_at` timestamp NULL DEFAULT NULL,
  PRIMARY KEY (`id`)
) ENGINE=InnoDB AUTO_INCREMENT=21 DEFAULT CHARSET=utf8mb4;

--
-- Dumping data for table `portfolios`
--

INSERT INTO `portfolios` VALUES (11,'Loja das Lanternas','car-service-car-repair-html-template','10/24/2017','11/24/2017','Marco Ferreira','loja online,criação de loja online','1574167721.png',66,'<p class=\"MsoNormal\" style=\"margin-bottom: 15pt; line-height: 28px; background-image: initial; background-position: initial; background-size: initial; background-repeat: initial; background-attachment: initial; background-origin: initial; background-clip: initial;\"><br></p>','Completed','2019-09-13 00:44:46','2019-11-19 12:49:41'),(12,'Imagemp Lda','transport-logistic-html','09/01/2019','09/30/2019','Vera Abreu','criação website','1574167645.png',68,'<p class=\"MsoNormal\" style=\"margin-bottom: 15pt; line-height: 28px; background-image: initial; background-position: initial; background-size: initial; background-repeat: initial; background-attachment: initial; background-origin: initial; background-clip: initial;\"><br></p>','Completed','2019-09-13 00:55:24','2019-11-19 12:48:12'),(13,'TSA Lda','sports-landing-page','07/11/2018','07/31/2018','Silvia Freire','criação de website','1574167556.png',68,'<p class=\"MsoNormal\" style=\"margin-bottom: 15pt; line-height: 28px; background-image: initial; background-position: initial; background-size: initial; background-repeat: initial; background-attachment: initial; background-origin: initial; background-clip: initial;\"><br></p>','Completed','2019-09-13 00:57:15','2019-11-19 12:46:53'),(14,'Centroassist Lda','app-landing-page','07/01/2019','07/31/2019','Diamantino Neves','centroassist lda','1574166950.png',68,'<p class=\"MsoNormal\" style=\"margin-bottom: 15pt; line-height: 28px; background-image: initial; background-position: initial; background-size: initial; background-repeat: initial; background-attachment: initial; background-origin: initial; background-clip: initial;\"><br></p>','Completed','2019-09-13 00:59:09','2019-11-19 12:37:22'),(15,'Electroantuã Lda','app-landing-psd-template','08/27/2019','09/27/2019','Cristina Soares','electroantua','1574166886.png',68,'<p class=\"MsoNormal\" style=\"margin-bottom: 15pt; line-height: 28px; background-image: initial; background-position: initial; background-size: initial; background-repeat: initial; background-attachment: initial; background-origin: initial; background-clip: initial;\"><br></p>','Completed','2019-09-13 01:02:14','2019-11-19 12:34:52'),(16,'Emporio Aveirense','tranvel-agency','11/07/2018','11/08/2018','Paulo Peralta','ecommerce','1574166603.png',66,'<p class=\"MsoNormal\" style=\"margin-bottom: 15pt; line-height: 28px; background-image: initial; background-position: initial; background-size: initial; background-repeat: initial; background-attachment: initial; background-origin: initial; background-clip: initial;\"><br></p>','Completed','2019-09-13 01:03:52','2019-11-19 12:30:08'),(17,'MotoMX','financial-planning-html','02/24/2014','02/24/2014','Fausto Gonçalves','ecommerce,loja online','1574166478.png',66,'<p class=\"MsoNormal\" style=\"margin-bottom: 15pt; line-height: 28px; background-image: initial; background-position: initial; background-size: initial; background-repeat: initial; background-attachment: initial; background-origin: initial; background-clip: initial;\"><br></p>','Completed','2019-09-13 01:05:32','2019-11-19 12:28:54'),(18,'Moto R','business-vue-template','04/07/2018','04/08/2018','Fausto Gonçalves','moto r,criação loja online','1574166356.png',66,'<p class=\"MsoNormal\" style=\"margin-bottom: 15pt; line-height: 28px; background-image: initial; background-position: initial; background-size: initial; background-repeat: initial; background-attachment: initial; background-origin: initial; background-clip: initial;\"><br></p>','Completed','2019-09-13 01:10:22','2019-11-19 12:27:04'),(19,'Overtech','austoshop','03/02/2015','03/02/2015','Fausto Gonçalves','overtech','1574166274.png',66,'<div style=\"font-variant-numeric: normal; font-variant-east-asian: normal;\"><br></div><div style=\"font-variant-numeric: normal; font-variant-east-asian: normal;\">Solução de ecommerce baseada na nossa plataforma preferida tomatocart.</div>','Completed','2019-09-13 01:11:41','2019-11-19 12:25:18'),(20,'Buldskin','buldskin','07/16/2019','07/16/2019','Ana','branding','1574167813.png',82,'<br>','Completed','2019-11-19 12:51:27','2019-11-19 12:52:45');

--
-- Table structure for table `quotes`
--

CREATE TABLE `quotes` (
  `id` int(11) NOT NULL AUTO_INCREMENT,
  `name` varchar(255) DEFAULT NULL,
  `email` varchar(255) DEFAULT NULL,
  `phone` varchar(30) DEFAULT NULL,
  `country` varchar(100) DEFAULT NULL,
  `budget` varchar(255) DEFAULT NULL,
  `skype_whatsapp` varchar(255) DEFAULT NULL,
  `services` text,
  `description` text,
  `nda` varchar(255) DEFAULT NULL,
  `status` int(3) NOT NULL DEFAULT '0' COMMENT '0-pending, 1-prcessing, 2-completed, 3-rejected',
  `created_at` timestamp NULL DEFAULT NULL,
  `updated_at` timestamp NULL DEFAULT NULL,
  PRIMARY KEY (`id`)
) ENGINE=InnoDB AUTO_INCREMENT=20 DEFAULT CHARSET=utf8mb4;

--
-- Dumping data for table `quotes`
--

INSERT INTO `quotes` VALUES (1,'Samiul','pratik.anwar@gmail.com','735392769','Bangladesh','less than $10000','734738585','[\"PHP & Laravel\",\"Social Marketing\",\"Flayer Design\"]','Lorem ipsum dolor sit amet, consectetur adipiscing elit, sed do eiusmod tempor incididunt ut labore et dolore magna aliqua. Ut enim ad minim veniam, quis nostrud exercitation ullamco laboris nisi ut aliquip ex ea commodo consequat. Duis aute irure dolor in reprehenderit in voluptate velit esse cillum dolore eu fugiat nulla pariatur. Excepteur sint occaecat cupidatat non proident, sunt in culpa qui officia deserunt mollit anim id est laborum.','5d374f61c4f0a.txt',0,'2019-07-24 00:18:09','2019-07-24 00:18:09'),(2,'Mark Hail','mark@gmail.com','+44 078 9101 1714','Bangladesh','$25000 to $50000','4734734','[\"PSD to HTML\"]','Sed ut perspiciatis unde omnis iste natus error sit voluptatem accusantium doloremque laudantium, totam rem aperiam, eaque ipsa quae ab illo inventore veritatis et quasi architecto beatae vitae dicta sunt explicabo. Nemo enim ipsam voluptatem quia voluptas sit aspernatur aut odit aut fugit, sed quia consequuntur magni dolores eos qui ratione voluptatem sequi nesciunt. Neque porro quisquam est, qui dolorem ipsum quia dolor sit amet, consectetur, adipisci velit, sed quia non numquam eius modi tempora incidunt ut labore et dolore magnam aliquam quaerat voluptatem. Ut enim ad minima veniam, quis nostrum exercitationem ullam corporis suscipit laboriosam, nisi ut aliquid ex ea commodi consequatur? Quis autem vel eum iure reprehenderit qui in ea voluptate velit esse quam nihil molestiae consequatur, vel illum qui dolorem eum fugiat quo voluptas nulla pariatur','5d693e2e1bc17.txt',0,'2019-08-30 21:18:06','2019-08-30 21:18:06'),(3,'Json Roy','shaon@gmail.com','+44 078 9101 1714u','Bangladesh','less than $10000','4734734','[\"PHP & Laravel\",\"PSD to HTML\"]','But I must explain to you how all this mistaken idea of denouncing pleasure and praising pain was born and I will give you a complete account of the system, and expound the actual teachings of the great explorer of the truth, the master-builder of human happiness. No one rejects, dislikes, or avoids pleasure itself, because it is pleasure, but because those who do not know how to pursue pleasure rationally encounter consequences that are extremely painful. Nor again is there anyone who loves or pursues or desires to obtain pain of itself, because it is pain, but because occasionally circumstances occur in which toil and pain can procure him some great pleasure. To take a trivial example, which of us ever undertakes laborious physical exercise, except to obtain some advantage from it? But who has any right to find fault with a man who chooses to enjoy a pleasure that has no annoying consequences, or one who avoids a pain that produces no resultant pleasure\r\n\r\nBut I must explain to you how all this mistaken idea of denouncing pleasure and praising pain was born and I will give you a complete account of the system, and expound the actual teachings of the great explorer of the truth, the master-builder of human happiness. No one rejects, dislikes, or avoids pleasure itself, because it is pleasure, but because those who do not know how to pursue pleasure rationally encounter consequences that are extremely painful. Nor again is there anyone who loves or pursues or desires to obtain pain of itself, because it is pain, but because occasionally circumstances occur in which toil and pain can procure him some great pleasure. To take a trivial example, which of us ever undertakes laborious physical exercise, except to obtain some advantage from it? But who has any right to find fault with a man who chooses to enjoy a pleasure that has no annoying consequences, or one who avoids a pain that produces no resultant pleasure','5d69406d900d1.txt',0,'2019-08-30 21:27:41','2019-08-30 21:27:41'),(4,'Wordpress Theme','user1@gmail.com','+44 078 9101 1714u','Bangladesh','$10000 to $25000','4734734','[\"Codeigniter\",\"PSD to HTML\"]','This is demo','5d79086a8950e.txt',0,'2019-09-11 20:44:58','2019-09-11 20:44:58'),(5,'Json Gillespie','gil@gmail.com','6937689300','Brazil','Negotiable','8548699','[\"PSD to HTML\",\"Laravel Framework\"]','Lorem Ipsum is simply dummy text of the printing and typesetting industry. Lorem Ipsum has been the industry\'s standard dummy text ever since the 1500s, when an unknown printer took a galley of type and scrambled it to make a type specimen book. It has survived not only five centuries, but also the leap into electronic typesetting, remaining essentially unchanged. It was popularised in the 1960s with the release of Letraset sheets containing Lorem Ipsum passages, and more recently with desktop publishing software like Aldus PageMaker including versions of Lorem Ipsum','5d7bd4c04d5c9.pdf',0,'2019-09-13 21:41:20','2019-09-13 21:41:20'),(6,'Harry Kane','kane@gmail.com','23876936','England','$10000 to $25000','973694600','[\"Vue Template\"]','Lorem Ipsum is simply dummy text of the printing and typesetting industry. Lorem Ipsum has been the industry\'s standard dummy text ever since the 1500s, when an unknown printer took a galley of type and scrambled it to make a type specimen book. It has survived not only five centuries, but also the leap into electronic typesetting, remaining essentially unchanged. It was popularised in the 1960s with the release of Letraset sheets containing Lorem Ipsum passages, and more recently with desktop publishing software like Aldus PageMaker including versions of Lorem Ipsum','5d7bd4f6274aa.pdf',3,'2019-09-13 21:42:14','2019-11-08 16:46:09'),(7,'Insigne','insigne@gmail.com','939777256','Italy','$25000 to $50000','53670036','[\"Nodejs\"]','Lorem Ipsum is simply dummy text of the printing and typesetting industry. Lorem Ipsum has been the industry\'s standard dummy text ever since the 1500s, when an unknown printer took a galley of type and scrambled it to make a type specimen book. It has survived not only five centuries, but also the leap into electronic typesetting, remaining essentially unchanged. It was popularised in the 1960s with the release of Letraset sheets containing Lorem Ipsum passages, and more recently with desktop publishing software like Aldus PageMaker including versions of Lorem Ipsum','5d7bd5233fad6.pdf',0,'2019-09-13 21:42:59','2019-09-13 21:42:59'),(8,'Musa','musa@gmail.com','383607306','Nigeria','less than $10000','496437043','[\"PSD to HTML\"]','Lorem Ipsum is simply dummy text of the printing and typesetting industry. Lorem Ipsum has been the industry\'s standard dummy text ever since the 1500s, when an unknown printer took a galley of type and scrambled it to make a type specimen book. It has survived not only five centuries, but also the leap into electronic typesetting, remaining essentially unchanged. It was popularised in the 1960s with the release of Letraset sheets containing Lorem Ipsum passages, and more recently with desktop publishing software like Aldus PageMaker including versions of Lorem Ipsum','5d7bd55c4d333.pdf',0,'2019-09-13 21:43:56','2019-09-13 21:43:56'),(9,'Iniesta','ini@gmail.com','392036069','Spain','$25000 to $50000','36730603','[\"Codeigniter Framework\"]','Lorem Ipsum is simply dummy text of the printing and typesetting industry. Lorem Ipsum has been the industry\'s standard dummy text ever since the 1500s, when an unknown printer took a galley of type and scrambled it to make a type specimen book. It has survived not only five centuries, but also the leap into electronic typesetting, remaining essentially unchanged. It was popularised in the 1960s with the release of Letraset sheets containing Lorem Ipsum passages, and more recently with desktop publishing software like Aldus PageMaker including versions of Lorem Ipsum','5d7bd59044037.pdf',2,'2019-09-13 21:44:48','2019-11-08 16:54:19'),(10,'Dating Site','rock@gmail.com','+44 078 9101 1714','Germany','less than $10000','973694600','[\"HTML & CSS\",\"Laravel Framework\",\"Hybrid Mobie App\"]','Contrary to popular belief, Lorem Ipsum is not simply random text. It has roots in a piece of classical Latin literature from 45 BC, making it over 2000 years old. Richard McClintock, a Latin professor at Hampden-Sydney College in Virginia, looked up one of the more obscure Latin words, consectetur','5da35c09626a9.txt',0,'2019-10-13 23:16:57','2019-10-13 23:16:57'),(11,'Pratik','admin@gmail.com','+44 078 9101 1714','Italy','less than $10000','4734734','[\"Nodejs\",\"Codeigniter Framework\",\"PHP Plugin\"]','vdhsd','5da73d7d935dd.txt',2,'2019-10-16 21:55:41','2019-11-08 16:46:01');

--
-- Table structure for table `roles`
--

CREATE TABLE `roles` (
  `id` int(11) NOT NULL AUTO_INCREMENT,
  `name` varchar(255) DEFAULT NULL,
  `permissions` text,
  `created_at` timestamp NULL DEFAULT NULL,
  `updated_at` timestamp NULL DEFAULT NULL,
  PRIMARY KEY (`id`)
) ENGINE=InnoDB AUTO_INCREMENT=7 DEFAULT CHARSET=utf8mb4;

--
-- Dumping data for table `roles`
--

INSERT INTO `roles` VALUES (1,'Moderador','[\"Dashboard\",\"Packages\",\"Service Page\",\"Portfolio Management\",\"FAQ Management\",\"Blogs\",\"Role Management\"]','2019-10-02 21:47:30','2019-12-08 11:13:53'),(3,'Super Admin','[\"Dashboard\",\"Basic Settings\",\"Subscribers\",\"Quote Management\",\"Home Page\",\"Footer\",\"Pages\",\"Service Page\",\"Portfolio Management\",\"Gallery Management\",\"FAQ Management\",\"Blogs\",\"Contact Page\",\"Role Management\",\"Users Management\",\"Language Management\",\"Backup\"]','2019-10-03 20:52:29','2019-10-28 19:24:44'),(4,'Admin','[\"Dashboard\",\"Basic Settings\",\"Quote Management\",\"Home Page\",\"Footer\",\"Service Page\",\"Portfolio Management\",\"Gallery Management\",\"FAQ Management\",\"Blogs\",\"Contact Page\"]','2019-10-03 20:52:53','2019-10-03 20:53:21');

--
-- Table structure for table `scategories`
--

CREATE TABLE `scategories` (
  `id` int(11) NOT NULL AUTO_INCREMENT,
  `name` varchar(255) DEFAULT NULL,
  `image` varchar(255) DEFAULT NULL,
  `short_text` varchar(120) DEFAULT NULL,
  `status` int(3) NOT NULL DEFAULT '1',
  PRIMARY KEY (`id`)
) ENGINE=InnoDB AUTO_INCREMENT=23 DEFAULT CHARSET=utf8mb4;

--
-- Dumping data for table `scategories`
--

INSERT INTO `scategories` VALUES (9,'Web Design','1573374646.png','websites, portfólios, blogs, intranet',1),(10,'eCommerce','1573374638.png','Lojas online, Configuração, Templates',1),(11,'Design gráfico','1573374630.png','Imagem, impressão, corte e aplicação',1),(12,'Software','1573374622.png','As nossas soluções  para web',1),(13,'Gestão Rede Sociais','1573374613.png','Criação e Gestão de Identidades',1),(14,'SEO e Posicionamento','1573374606.png','Posicionamento, Palavras Chave e Descritivos',1),(15,'Branding','1573374597.png','Logótipos e merchandising relacionado',1),(18,'Marketing','1573374586.png','Acções publicidade e alojamentos web',1),(19,'Alojamentos web','1573379249.png','Alojamentos partilhados, vps, servidores dedicados',1),(20,'Servidores','1573379606.png','Configuração e implementação servidores  windows e linux',1),(21,'Vídeo vigilância','1573379626.png','Sistemas de video-vigilância com acesso remoto',1),(22,'Segurança','1573379732.png','Controle de acessos, vpn e certificados ssl',1);

--
-- Table structure for table `services`
--

CREATE TABLE `services` (
  `id` int(11) NOT NULL AUTO_INCREMENT,
  `scategory_id` int(11) DEFAULT NULL,
  `main_image` varchar(255) DEFAULT NULL,
  `title` varchar(255) DEFAULT NULL,
  `slug` varchar(255) DEFAULT NULL,
  `content` blob,
  PRIMARY KEY (`id`)
) ENGINE=InnoDB AUTO_INCREMENT=84 DEFAULT CHARSET=utf8mb4;

--
-- Dumping data for table `services`
--

INSERT INTO `services` VALUES (44,11,'1568311047.jpg','Publicidade viaturas','publicidade-viaturas','<p class=\"MsoNormal\" style=\"margin-bottom: 15pt; line-height: 28px; background-image: initial; background-position: initial; background-size: initial; background-repeat: initial; background-attachment: initial; background-origin: initial; background-clip: initial;\">...</p>'),(45,11,'1568311059.jpg','Impressão textil','impressao-textil','<p class=\"MsoNormal\" style=\"margin-bottom: 15pt; line-height: 28px; background-image: initial; background-position: initial; background-size: initial; background-repeat: initial; background-attachment: initial; background-origin: initial; background-clip: initial;\">...</p>'),(46,19,'1578833479.jpeg','Servidores dedicados','servidores-dedicados','<p class=\"MsoNormal\" style=\"margin-bottom: 15pt; line-height: 28px; background-image: initial; background-position: initial; background-size: initial; background-repeat: initial; background-attachment: initial; background-origin: initial; background-clip: initial;\">...</p>'),(47,19,'1568311195.jpg','Virtual Private Servers','virtual-private-servers','<p class=\"MsoNormal\" style=\"margin-bottom: 15pt; line-height: 28px; background-image: initial; background-position: initial; background-size: initial; background-repeat: initial; background-attachment: initial; background-origin: initial; background-clip: initial;\">...</p>'),(48,19,'1578832837.png','Alojamento cPanel','alojamento-cpanel','<p class=\"MsoNormal\" style=\"text-align: justify; margin-bottom: 15pt; line-height: 28px; background-image: initial; background-position: initial; background-size: initial; background-repeat: initial; background-attachment: initial; background-origin: initial; background-clip: initial;\"><img src=\"https://i.imgur.com/zzPlbIC.png\" width=\"499\"><br></p><p class=\"MsoNormal\" style=\"text-align: justify; margin-bottom: 15pt; line-height: 28px; background-image: initial; background-position: initial; background-size: initial; background-repeat: initial; background-attachment: initial; background-origin: initial; background-clip: initial;\">O cPanel é um painéis de controle mais conhecidos do mercado. Através dele poderá&nbsp; gerir o seu serviço de alojamento web recorrendo a uma interface intuitiva.&nbsp;<br></p><p class=\"MsoNormal\" style=\"text-align: justify; margin-bottom: 15pt; line-height: 28px; background-image: initial; background-position: initial; background-size: initial; background-repeat: initial; background-attachment: initial; background-origin: initial; background-clip: initial;\">Todos os nossos serviços de alojamento partilhado utilizam ligações gigabit e discos ssd para melhor performance.</p><p class=\"MsoNormal\" style=\"text-align: justify; margin-bottom: 15pt; line-height: 28px; background-image: initial; background-position: initial; background-size: initial; background-repeat: initial; background-attachment: initial; background-origin: initial; background-clip: initial;\">Para mais informações acerca dos nossos planos de alojamentos web consulte <a href=\"https://host.pontoderede.pt\" title=\"\" target=\"\">https://host.pontoderede.pt</a></p>'),(50,12,'1568915688.jpg','Gestão documental','gestao-documental','<p class=\"MsoNormal\" style=\"margin-bottom: 15pt; line-height: 28px; background-image: initial; background-position: initial; background-size: initial; background-repeat: initial; background-attachment: initial; background-origin: initial; background-clip: initial;\">...</p>'),(51,12,'1568915721.jpg','Soluções facturação','solucoes-facturacao','<p class=\"MsoNormal\" style=\"margin-bottom: 15pt; line-height: 28px; background-image: initial; background-position: initial; background-size: initial; background-repeat: initial; background-attachment: initial; background-origin: initial; background-clip: initial;\">...</p>'),(52,12,'1568915763.jpg','Soluções MDM','solucoes-mdm','<p class=\"MsoNormal\" style=\"margin-bottom: 15pt; line-height: 28px; background-image: initial; background-position: initial; background-size: initial; background-repeat: initial; background-attachment: initial; background-origin: initial; background-clip: initial;\">...</p>'),(53,18,'1568915993.jpg','Anúncios google','anuncios-google','<p class=\"MsoNormal\" style=\"margin-bottom: 15pt; line-height: 28px; background-image: initial; background-position: initial; background-size: initial; background-repeat: initial; background-attachment: initial; background-origin: initial; background-clip: initial;\">...</p>'),(54,12,'1568916016.jpg','Soluções CRM','solucoes-crm','<p class=\"MsoNormal\" style=\"margin-bottom: 15pt; line-height: 28px; background-image: initial; background-position: initial; background-size: initial; background-repeat: initial; background-attachment: initial; background-origin: initial; background-clip: initial;\">...</p>'),(55,18,'1574183493.png','Anúncios facebook','anuncios-facebook','<p class=\"MsoNormal\" style=\"text-align: justify; margin-bottom: 15pt; line-height: 28px; background-image: initial; background-position: initial; background-size: initial; background-repeat: initial; background-attachment: initial; background-origin: initial; background-clip: initial;\"><b>Campanhas no Facebook</b></p><p class=\"MsoNormal\" style=\"text-align: justify; margin-bottom: 15pt; line-height: 28px; background-image: initial; background-position: initial; background-size: initial; background-repeat: initial; background-attachment: initial; background-origin: initial; background-clip: initial;\">Os anúncios no Facebook são uma excelente forma de promover o seu negócio e produtos. As campanhas do Facebook quando devidamente estruturadas e direcionadas são extremamente eficazes.&nbsp;</p><p class=\"MsoNormal\" style=\"text-align: justify; margin-bottom: 15pt; line-height: 28px; background-image: initial; background-position: initial; background-size: initial; background-repeat: initial; background-attachment: initial; background-origin: initial; background-clip: initial;\">&nbsp;Os resultados são quase que imediatos e tal só é possível dada a&nbsp; dimensão desta rede social.</p><p class=\"MsoNormal\" style=\"text-align: justify; margin-bottom: 15pt; line-height: 28px; background-image: initial; background-position: initial; background-size: initial; background-repeat: initial; background-attachment: initial; background-origin: initial; background-clip: initial;\">No Ponto de Rede criamos as suas campanhas publicitárias e quando concluídas apresentamos os resultados.&nbsp;</p>'),(58,13,'1568916330.jpg','Gestão contas twitter','gestao-contas-twitter','<p class=\"MsoNormal\" style=\"margin-bottom: 15pt; line-height: 28px; background-image: initial; background-position: initial; background-size: initial; background-repeat: initial; background-attachment: initial; background-origin: initial; background-clip: initial;\">...</p>'),(59,13,'1568916343.jpg','Gestão contas facebook','gestao-contas-facebook','<p class=\"MsoNormal\" style=\"margin-bottom: 15pt; line-height: 28px; background-image: initial; background-position: initial; background-size: initial; background-repeat: initial; background-attachment: initial; background-origin: initial; background-clip: initial;\">...</p>'),(60,14,'1574186481.png','Criação de backlinks','criacao-de-backlinks','<p class=\"MsoNormal\" style=\"margin-bottom: 15pt; line-height: 28px; background-image: initial; background-position: initial; background-size: initial; background-repeat: initial; background-attachment: initial; background-origin: initial; background-clip: initial;\"><b>Criação de Backlinks</b></p><p class=\"MsoNormal\" style=\"text-align: justify; margin-bottom: 15pt; line-height: 28px; background-image: initial; background-position: initial; background-size: initial; background-repeat: initial; background-attachment: initial; background-origin: initial; background-clip: initial;\">Os backlinks são de extrema importância para o seu website em termos de SEO e posicionamento web.&nbsp; Para os mais leigos na matéria, os backlinks são ligações externas à nossa página e quanto mais relevantes forem estes links melhor. O Ponto de Rede dispõe de algumas plataformas proprietárias e externas que permitem a criação deste tipo de conteúdo. Se o posicionamento web da sua página não é a melhor, esta pode ser a solução ideal para o seu problema. Consulte-nos para mais informações.</p>'),(61,14,'1575741072.jpg','Palavras chave','palavras-chave','<p class=\"MsoNormal\" style=\"margin-bottom: 15pt; line-height: 28px; caret-color: rgb(255, 255, 255); text-size-adjust: auto; text-align: justify;\"><span style=\"font-weight: 600;\">Resumo da importância das palavras chave em termos de SEO.</span><br></p><p class=\"MsoNormal\" style=\"margin-bottom: 15pt; line-height: 28px; caret-color: rgb(255, 255, 255); text-size-adjust: auto; text-align: justify;\">O SEO (Search Engine Optimization) é um conjunto de estratégias de marketing digital, cujo objectivo é colocar um website no topo das pesquisas do Google de forma orgânica, quer isto dizer, só pelos resultados das pesquisas, não entra aqui portanto as campanhas pagas no google.</p><p class=\"MsoNormal\" style=\"margin-bottom: 15pt; line-height: 28px; caret-color: rgb(255, 255, 255); text-size-adjust: auto; text-align: justify;\">Dentro das várias estratégias existentes estão as palavras chave ou keywords em inglês. Os conjuntos de palavras utilizadas pelas pessoas é o que eventualmente irá levar as pessoas ao seu website.</p><p class=\"MsoNormal\" style=\"margin-bottom: 15pt; line-height: 28px; caret-color: rgb(255, 255, 255); text-size-adjust: auto; text-align: justify;\">Como pode ver a escolha destas é de extrema importância pois podem ditar o sucesso do seu negócio ou website online. As páginas amarelas, jornais ou revistas são um investimento de sucesso no passado, actualmente a internet é o seu cartão de visita para o mundo.</p><p class=\"MsoNormal\" style=\"margin-bottom: 15pt; line-height: 28px; caret-color: rgb(255, 255, 255); text-size-adjust: auto; text-align: justify;\">No Ponto de Rede dispomos das ferramentas necessárias para saber o que as pessoas pesquisam em determinada área, pelo que&nbsp; o aconselhamos a recorrer aos nossos serviços caso ache que o seu website não estará a ter o sucesso e visualizações que pretendia.</p><p class=\"MsoNormal\" style=\"margin-bottom: 15pt; line-height: 28px; caret-color: rgb(255, 255, 255); text-size-adjust: auto; text-align: justify;\"><span style=\"font-weight: 600;\">Em que consiste o serviço do Ponto de Rede?</span></p><p class=\"MsoNormal\" style=\"margin-bottom: 15pt; line-height: 28px; caret-color: rgb(255, 255, 255); text-size-adjust: auto; text-align: justify;\">- Análise das estatísticas do website aquando o primeiro contacto<br>- Análise das categorias ou área de negócio do cliente<br>- Implementação das palavras chave adequadas ao negócio</p><div><br></div>'),(62,15,'1575800891.png','Banners publicitários','banners-publicitarios','<div style=\"caret-color: rgb(255, 255, 255); text-size-adjust: auto; text-align: justify;\"><span style=\"font-weight: 600;\">Exterior de estabelecimentos</span></div><div style=\"caret-color: rgb(255, 255, 255); text-size-adjust: auto; text-align: justify;\"><br></div><div style=\"caret-color: rgb(255, 255, 255); text-size-adjust: auto; text-align: justify;\">Os banners, canvas ou lonas são uma optima opção para exterior da sua loja, estabelecimento ou empresa.</div><div style=\"caret-color: rgb(255, 255, 255); text-size-adjust: auto; text-align: justify;\"><br></div><div style=\"caret-color: rgb(255, 255, 255); text-size-adjust: auto; text-align: justify;\">É um material resistente e amovível o que lhe permite retirar de um local e colocar no outro.&nbsp;</div><div style=\"caret-color: rgb(255, 255, 255); text-size-adjust: auto; text-align: justify;\"><br></div><div style=\"caret-color: rgb(255, 255, 255); text-size-adjust: auto; text-align: justify;\">Já disponibilizamos lonas com impressão UV para uma maior durabilidade quando exposta diretamente ao sol. Este material por defeito é vendido já com bainhas e ilhós mas caso não seja essa a sua opção, não o faremos.&nbsp;</div><div style=\"caret-color: rgb(255, 255, 255); text-size-adjust: auto; text-align: justify;\"><br></div><div style=\"caret-color: rgb(255, 255, 255); text-size-adjust: auto; text-align: justify;\">Disponibilizamos ainda um artigo novo, que estamos a inserir no mercado que se trata de impressão de quadros em lona com perfis de aluminio para que possa decorar a sua casa com um quadro moderno, personalizado ao tamanho que necessita e com boa qualidade de impressão.</div>'),(63,14,'1575741474.png','Posicionamento web','posicionamento-web','<p class=\"MsoNormal\" style=\"margin-bottom: 15pt; line-height: 28px; caret-color: rgb(255, 255, 255); text-size-adjust: auto; text-align: justify;\"><span style=\"font-weight: 600;\">Resumo do serviço</span></p><p class=\"MsoNormal\" style=\"margin-bottom: 15pt; line-height: 28px; caret-color: rgb(255, 255, 255); text-size-adjust: auto; text-align: justify;\">Antes de tudo é importante referir que ter um site rápido, fácil de utilizar, bem estruturado em que todas as acções permitidas bem definidas é meio caminho para o sucesso.<br>Face ao exposto, devemos compreender que o posicionamento web acaba por ser conseguido devido à optimização de 3 campos essenciais.<br>Deve ter presente que nem sempre é possível aproveitar o trabalho já feito, pelo que cada caso é um caso e os tempos necessários para alcançar resultados variam.<br>Já tem um website contudo não consegue que este surja nos resultados dos motores de pesquisa? Contacte-nos para melhor avaliarmos a situação e apresentarmos respostas.</p><p class=\"MsoNormal\" style=\"margin-bottom: 15pt; line-height: 28px; caret-color: rgb(255, 255, 255); text-size-adjust: auto; text-align: justify;\"><span style=\"font-weight: 600;\">Em que consiste o serviço do Ponto de Rede?</span></p><p class=\"MsoNormal\" style=\"margin-bottom: 15pt; line-height: 28px; caret-color: rgb(255, 255, 255); text-size-adjust: auto; text-align: justify;\">- Análise dos problemas do website<br>- Estudo necessidades para implementação das correcções<br>- Implementação das correcções</p>'),(64,15,'1575802344.png','Design logotipos','design-logotipos','<p class=\"MsoNormal\" style=\"margin-bottom: 15pt; line-height: 28px; background-image: initial; background-position: initial; background-size: initial; background-repeat: initial; background-attachment: initial; background-origin: initial; background-clip: initial;\"><span style=\"font-weight: 600;\">Web design Logotipos</span></p><div style=\"text-align: justify;\">O logotipo de uma empresa é talvez um dos mais importantes marcos na criação de uma identidade visual. Quando falamos na identidade visual estamos a referir-nos a um conjunto de elementos que servem para representar de maneira visual e sistematizada a sua empresa.</div><div style=\"text-align: justify;\"><br></div><div style=\"text-align: justify;\">A identidade visual serve para que ela se torne única entre a concorrência e fácilmente identificada entre os correntes, clientes, parceiros, fornecedores e funcionários.</div><div style=\"text-align: justify;\"><br></div><div style=\"text-align: justify;\">No Ponto de Rede criamos e projectamos toda a sua identidade digital. Contacte-nos para mais informações.</div>'),(65,10,'1575075172.png','Criação lojas online B2B','criacao-lojas-online-b2b','<p class=\"MsoNormal\" style=\"margin-bottom: 15pt; line-height: 28px; background-image: initial; background-position: initial; background-size: initial; background-repeat: initial; background-attachment: initial; background-origin: initial; background-clip: initial; text-align: justify;\"><b>eCommerce B2B</b></p><p class=\"MsoNormal\" style=\"margin-bottom: 15pt; line-height: 28px; background-image: initial; background-position: initial; background-size: initial; background-repeat: initial; background-attachment: initial; background-origin: initial; background-clip: initial; text-align: justify;\">As lojas de eCommerce B2B são lojas especialmente desenhadas para o comércio entre empresas. O termo B2B significa Business to Business.</p><p class=\"MsoNormal\" style=\"margin-bottom: 15pt; line-height: 28px; background-image: initial; background-position: initial; background-size: initial; background-repeat: initial; background-attachment: initial; background-origin: initial; background-clip: initial; text-align: justify;\">O acesso permanente 24 horas por dia aos produtos, gestão de encomendas, prazos, créditos entre outras soluções permite uma liberdade sem precedentes.</p><p class=\"MsoNormal\" style=\"margin-bottom: 15pt; line-height: 28px; background-image: initial; background-position: initial; background-size: initial; background-repeat: initial; background-attachment: initial; background-origin: initial; background-clip: initial; text-align: justify;\">Cada vez mais as decisões de compra passam pela pesquisa online, pelo que investir numa plataforma b2b é a melhor coisa que pode fazer.</p>'),(66,10,'1574183304.png','Criação de lojas online','criacao-de-lojas-online','<div style=\"caret-color: rgb(255, 255, 255); text-size-adjust: auto;\"><div style=\"text-align: justify;\"><font size=\"3\" face=\"arial\"><span style=\"font-weight: 600;\">Resumo da plataforma</span><br></font></div><div style=\"text-align: justify;\"><font size=\"3\" face=\"arial\"><br></font></div><div style=\"text-align: justify;\"><font size=\"3\" face=\"arial\">O prestashop, opencart e magento são sistemas de e-commerce open source, desenvolvidos em PHP e MySQL. já há muito existentes no mercado mundial e que alimentam milhões de lojas online. A vantagem deste tipo de plataforma prende-se com o facto de terem uma grande comunidade e um mercado próprio onde se podem adquirir addon´s e templates, sendo portanto possível criar e adaptar este tipo de plataforma a qualquer negócio.</font></div></div><div style=\"caret-color: rgb(255, 255, 255); text-size-adjust: auto;\"><font size=\"3\" face=\"arial\"><br></font></div><div style=\"caret-color: rgb(255, 255, 255); text-size-adjust: auto;\"><span style=\"font-weight: 600;\"><font size=\"3\" face=\"arial\">Funcionalidades presentes</font></span></div><div style=\"caret-color: rgb(255, 255, 255); text-size-adjust: auto;\"><font size=\"3\" face=\"arial\"><br></font></div><div style=\"caret-color: rgb(255, 255, 255); text-size-adjust: auto;\"><font size=\"3\" face=\"arial\">- Gestão de produtos</font></div><div style=\"caret-color: rgb(255, 255, 255); text-size-adjust: auto;\"><font size=\"3\" face=\"arial\">- Gestão de variantes de produtos (tamanho, cor, etc...)</font></div><div style=\"caret-color: rgb(255, 255, 255); text-size-adjust: auto;\"><font size=\"3\" face=\"arial\">- Gestão de categorias</font></div><div style=\"caret-color: rgb(255, 255, 255); text-size-adjust: auto;\"><font size=\"3\" face=\"arial\">- Suporte para multiplas imagens</font></div><div style=\"caret-color: rgb(255, 255, 255); text-size-adjust: auto;\"><font size=\"3\" face=\"arial\">- Gestão de stock</font></div><div style=\"caret-color: rgb(255, 255, 255); text-size-adjust: auto;\"><font size=\"3\" face=\"arial\">- Adequando para SEO<br>- Gestão de encomendas</font></div><div style=\"caret-color: rgb(255, 255, 255); text-size-adjust: auto;\"><font size=\"3\" face=\"arial\">- Gestão de devoluções</font></div><div style=\"caret-color: rgb(255, 255, 255); text-size-adjust: auto;\"><font size=\"3\" face=\"arial\">- Suporta vales de desconto</font></div><div style=\"caret-color: rgb(255, 255, 255); text-size-adjust: auto;\"><font size=\"3\" face=\"arial\">- Suporta campanhas de desconto (global, por categoria, por produto)</font></div><div style=\"caret-color: rgb(255, 255, 255); text-size-adjust: auto;\"><font size=\"3\" face=\"arial\">- Compatível com RGPD</font></div><div style=\"caret-color: rgb(255, 255, 255); text-size-adjust: auto;\"><font size=\"3\" face=\"arial\"><br></font></div><div style=\"caret-color: rgb(255, 255, 255); text-size-adjust: auto;\"><span style=\"font-weight: 600;\"><font size=\"3\" face=\"arial\">Idiomas suportados</font></span></div><div style=\"caret-color: rgb(255, 255, 255); text-size-adjust: auto;\"><font size=\"3\" face=\"arial\"><br></font></div><div style=\"caret-color: rgb(255, 255, 255); text-size-adjust: auto;\"><font size=\"3\" face=\"arial\">- Português nativo</font></div><div style=\"caret-color: rgb(255, 255, 255); text-size-adjust: auto;\"><font size=\"3\" face=\"arial\">- Inglês</font></div><div style=\"caret-color: rgb(255, 255, 255); text-size-adjust: auto;\"><font size=\"3\" face=\"arial\">- Espanhol<br>- Alemão<br>- etc....</font></div><div style=\"caret-color: rgb(255, 255, 255); text-size-adjust: auto;\"><font size=\"3\" face=\"arial\"><br></font></div><div style=\"caret-color: rgb(255, 255, 255); text-size-adjust: auto;\"><font size=\"3\" face=\"arial\"><span style=\"font-weight: 600;\">Métodos de pagamento</span><br></font></div><div style=\"caret-color: rgb(255, 255, 255); text-size-adjust: auto;\"><font size=\"3\" face=\"arial\"><br></font></div><div style=\"caret-color: rgb(255, 255, 255); text-size-adjust: auto;\"><font size=\"3\" face=\"arial\">- Transferência bancária<br>- Paypal<br>- Referências Multibanco (necessário contracto com fornecedor)</font></div><div style=\"caret-color: rgb(255, 255, 255); text-size-adjust: auto;\"><font size=\"3\" face=\"arial\">- Google checkout<br>- etc....<br><br></font></div><div style=\"caret-color: rgb(255, 255, 255); text-size-adjust: auto;\"><font size=\"3\" face=\"arial\"><span style=\"font-weight: 600;\">Integração com outros programas</span><br></font></div><div style=\"caret-color: rgb(255, 255, 255); text-size-adjust: auto;\"><font size=\"3\" face=\"arial\"><br></font></div><div style=\"caret-color: rgb(255, 255, 255); text-size-adjust: auto;\"><font size=\"3\" face=\"arial\">- CRM</font></div><div style=\"caret-color: rgb(255, 255, 255); text-size-adjust: auto;\"><font size=\"3\" face=\"arial\">- Software facturação (por exemplo moloni)</font></div><div style=\"caret-color: rgb(255, 255, 255); text-size-adjust: auto;\"><font size=\"3\" face=\"arial\">- etc...</font></div><div style=\"caret-color: rgb(255, 255, 255); text-size-adjust: auto;\"><font size=\"3\" face=\"arial\"><br></font></div><div style=\"caret-color: rgb(255, 255, 255); text-size-adjust: auto;\"><span style=\"font-weight: 600;\"><font size=\"3\" face=\"arial\">Preço da plataforma</font></span></div><div style=\"caret-color: rgb(255, 255, 255); text-size-adjust: auto;\"><span style=\"font-weight: 600;\"><font size=\"3\" face=\"arial\"><br></font></span></div><div style=\"caret-color: rgb(255, 255, 255); text-size-adjust: auto;\"><font size=\"3\" face=\"arial\">- Gratuito</font></div><div style=\"caret-color: rgb(255, 255, 255); text-size-adjust: auto;\"><font size=\"3\" face=\"arial\"><br></font></div><div style=\"caret-color: rgb(255, 255, 255); text-size-adjust: auto;\"><span style=\"font-weight: 600;\"><font size=\"3\" face=\"arial\">Aqui pode visualizar as nossas demos para eCommerce</font></span></div><div style=\"caret-color: rgb(255, 255, 255); text-size-adjust: auto;\"><span style=\"font-weight: 600;\"><font size=\"3\" face=\"arial\"><br></font></span></div><div style=\"caret-color: rgb(255, 255, 255); text-size-adjust: auto;\"><font size=\"3\" face=\"arial\">-<span class=\"Apple-converted-space\">&nbsp;</span><a href=\"https://demo.opencart.com/\" title=\"\" target=\"\">Para visualizar a nossa demo Opencart</a></font></div><div style=\"caret-color: rgb(255, 255, 255); text-size-adjust: auto;\"><font size=\"3\" face=\"arial\">-<span class=\"Apple-converted-space\">&nbsp;</span><a href=\"https://demo.prestashop.com/#/en/front\" title=\"\" target=\"\">Para visualizar a nossa demo Prestashop</a></font></div><div style=\"caret-color: rgb(255, 255, 255); text-size-adjust: auto;\"><font size=\"3\" face=\"arial\">-<span class=\"Apple-converted-space\">&nbsp;</span><a href=\"https://demo.pontoderede.pt/ecommerce/magento\" title=\"\" target=\"\">Para visualizar a nossa demo Magento</a>&nbsp;(link offline)</font></div><div style=\"caret-color: rgb(255, 255, 255); text-size-adjust: auto;\"><font size=\"3\" face=\"arial\"><br></font></div><div style=\"caret-color: rgb(255, 255, 255); text-size-adjust: auto;\"><span style=\"font-weight: 600;\"><font size=\"3\" face=\"arial\">Imagens das plataformas</font></span></div><div style=\"caret-color: rgb(255, 255, 255); text-size-adjust: auto;\"><span style=\"font-weight: 600;\"><br></span></div><div style=\"caret-color: rgb(255, 255, 255); text-size-adjust: auto;\"><img src=\"https://i.imgur.com/9ybwy5o.jpg\" width=\"500\"><span style=\"font-weight: 600;\"><br></span></div><div style=\"caret-color: rgb(255, 255, 255); text-size-adjust: auto;\"><img src=\"https://i.imgur.com/XECHq6M.png\" width=\"500\"><br></div><div style=\"caret-color: rgb(255, 255, 255); text-size-adjust: auto;\"><img src=\"https://i.imgur.com/ENreDms.png\" width=\"500\"><br></div><div style=\"caret-color: rgb(255, 255, 255); text-size-adjust: auto;\"><br></div><div style=\"caret-color: rgb(255, 255, 255); text-size-adjust: auto;\">Nota: Este produto também é adaptável aos nossos planos All In One. Para mais informações contacte-nos.</div>'),(67,10,'1574183172.jpg','Implementação RGPD','implementacao-rgpd','<p class=\"MsoNormal\" style=\"text-align: justify; margin-bottom: 15pt; line-height: 28px; background-image: initial; background-position: initial; background-size: initial; background-repeat: initial; background-attachment: initial; background-origin: initial; background-clip: initial;\"><b>RGPD (Regulamento Geral Protecção de Dados)</b></p><p class=\"MsoNormal\" style=\"text-align: justify; margin-bottom: 15pt; line-height: 28px; background-image: initial; background-position: initial; background-size: initial; background-repeat: initial; background-attachment: initial; background-origin: initial; background-clip: initial;\">O RGPD ou Regulamento Geral de Protecção de Dados existe desde 2018 e a sua implementação é obrigatória para qualquer plataforma que guarde dados pessoais dos clientes.</p><p class=\"MsoNormal\" style=\"text-align: justify; margin-bottom: 15pt; line-height: 28px; background-image: initial; background-position: initial; background-size: initial; background-repeat: initial; background-attachment: initial; background-origin: initial; background-clip: initial;\">Neste contexto, todas as plataforma B2C ou seja plataformas de venda de produtos cujo cliente seja o consumidor final tem de ter implementado o RGPD para tratamento dos dados, rectificação e eliminação.</p><p class=\"MsoNormal\" style=\"text-align: justify; margin-bottom: 15pt; line-height: 28px; background-image: initial; background-position: initial; background-size: initial; background-repeat: initial; background-attachment: initial; background-origin: initial; background-clip: initial;\">O Ponto de Rede em 48 horas implementa o RGPD na sua loja OpenCart, Prestashop ou Magento. Outras soluções eCommerce devem ser alvo de análise e estudo.</p><p class=\"MsoNormal\" style=\"text-align: justify; margin-bottom: 15pt; line-height: 28px; background-image: initial; background-position: initial; background-size: initial; background-repeat: initial; background-attachment: initial; background-origin: initial; background-clip: initial;\"><br></p>'),(68,9,'1574183263.jpg','Criação de websites','criacao-de-websites','<p class=\"MsoNormal\" style=\"margin-bottom: 15pt; line-height: 28px; caret-color: rgb(255, 255, 255); text-size-adjust: auto;\"><font size=\"3\" face=\"arial\"><span style=\"font-weight: 600;\">Website pessoal ou empresarial</span></font></p><p class=\"MsoNormal\" style=\"margin-bottom: 15pt; line-height: 28px; caret-color: rgb(255, 255, 255); text-size-adjust: auto; text-align: justify;\"><font size=\"3\" face=\"arial\">Para a maioria das pessoas e na realidade actual se uma empresa não surge nos resultados do google não existe.&nbsp;A internet veio revolucionar o nosso dia-a-dia a forma como procuramos informação.</font></p><p class=\"MsoNormal\" style=\"margin-bottom: 15pt; line-height: 28px; caret-color: rgb(255, 255, 255); text-size-adjust: auto; text-align: justify;\"><font size=\"3\" face=\"arial\">Hoje em dia não estar na internet é o mesmo que não estar na lista telefónica na década&nbsp;de 80, algo impensável.</font></p><p class=\"MsoNormal\" style=\"margin-bottom: 15pt; line-height: 28px; caret-color: rgb(255, 255, 255); text-size-adjust: auto; text-align: justify;\"><font size=\"3\" face=\"arial\">A criação de um website acrescenta valor à sua empresa, pois para além de estar a valorizar a sua marca, está a dar a conhecer a sua empresa e produtos 24 horas por dia.</font></p><p class=\"MsoNormal\" style=\"margin-bottom: 15pt; line-height: 28px; caret-color: rgb(255, 255, 255); text-size-adjust: auto; text-align: justify;\"><font size=\"3\" face=\"arial\">No Ponto de Rede criamos a sua identidade e o seu futuro com soluções SEO eficientes e direccionadas&nbsp;à sua área de negócio.</font></p><p class=\"MsoNormal\" style=\"margin-bottom: 15pt; line-height: 28px; caret-color: rgb(255, 255, 255); text-size-adjust: auto; text-align: justify;\"><font size=\"3\" face=\"arial\">Tem uma ideia? Contacte-nos e veja o que em conjunto podemos fazer por si.</font></p>'),(69,9,'1575802655.png','Criação portais intranet','criacao-portais-intranet','<div style=\"caret-color: rgb(255, 255, 255); text-size-adjust: auto; text-align: justify;\"><font size=\"3\" face=\"arial\"><span style=\"font-weight: 600;\">Resumo do produto</span></font></div><div style=\"caret-color: rgb(255, 255, 255); text-size-adjust: auto; text-align: justify;\"><font size=\"3\" face=\"arial\"><br></font></div><div style=\"caret-color: rgb(255, 255, 255); text-size-adjust: auto; text-align: justify;\"><font size=\"3\" face=\"arial\">O portal de intranet é um sistema que permite unificar o acesso à informação e aplicativos dentro dos domínios da própria empresa e está acessível através de qualquer dispositivo móvel ou fixo.</font></div><div style=\"caret-color: rgb(255, 255, 255); text-size-adjust: auto; text-align: justify;\"><font size=\"3\" face=\"arial\"><br></font></div><div style=\"caret-color: rgb(255, 255, 255); text-size-adjust: auto; text-align: justify;\"><font size=\"3\" face=\"arial\">O portal acrescenta dinamismo, segurança, eficiência e celeridade nos processos à sua empresa. Nada é esquecido, tudo fica registado e pode ser acedido no imediato nas instalações da empresa ou por intermédio de uma vpn.</font></div><div style=\"caret-color: rgb(255, 255, 255); text-size-adjust: auto; text-align: justify;\"><font size=\"3\" face=\"arial\"><br></font></div><div style=\"caret-color: rgb(255, 255, 255); text-size-adjust: auto; text-align: justify;\"><font size=\"3\" face=\"arial\"><span style=\"font-weight: 600;\">Características</span></font></div><div style=\"caret-color: rgb(255, 255, 255); text-size-adjust: auto; text-align: justify;\"><font size=\"3\" face=\"arial\"><br></font></div><div style=\"caret-color: rgb(255, 255, 255); text-size-adjust: auto; text-align: justify;\"><font size=\"3\" face=\"arial\">- Stream de actividade diária com comunicados e notícias da empresa</font></div><div style=\"caret-color: rgb(255, 255, 255); text-size-adjust: auto; text-align: justify;\"><font size=\"3\" face=\"arial\">- Tarefas</font></div><div style=\"caret-color: rgb(255, 255, 255); text-size-adjust: auto; text-align: justify;\"><font size=\"3\" face=\"arial\">- Gestão de documentos</font></div><div style=\"caret-color: rgb(255, 255, 255); text-size-adjust: auto; text-align: justify;\"><font size=\"3\" face=\"arial\">- Eventos</font></div><div style=\"caret-color: rgb(255, 255, 255); text-size-adjust: auto; text-align: justify;\"><font size=\"3\" face=\"arial\">- Calendário</font></div><div style=\"caret-color: rgb(255, 255, 255); text-size-adjust: auto; text-align: justify;\"><font size=\"3\" face=\"arial\">- Chat interno</font></div><div style=\"caret-color: rgb(255, 255, 255); text-size-adjust: auto; text-align: justify;\"><font size=\"3\" face=\"arial\">- Forum</font></div><div style=\"caret-color: rgb(255, 255, 255); text-size-adjust: auto; text-align: justify;\"><font size=\"3\" face=\"arial\">- Wiki</font></div><div style=\"caret-color: rgb(255, 255, 255); text-size-adjust: auto; text-align: justify;\"><font size=\"3\" face=\"arial\">- Acesso email</font></div><div style=\"caret-color: rgb(255, 255, 255); text-size-adjust: auto; text-align: justify;\"><font size=\"3\" face=\"arial\">- etc...</font></div><div style=\"caret-color: rgb(255, 255, 255); text-size-adjust: auto; text-align: justify;\"><font size=\"3\" face=\"arial\">- App´s IOS e Android disponíveis</font></div><div style=\"caret-color: rgb(255, 255, 255); text-size-adjust: auto; text-align: justify;\"><font size=\"3\" face=\"arial\"><br></font></div><div style=\"caret-color: rgb(255, 255, 255); text-size-adjust: auto; text-align: justify;\"><font size=\"3\" face=\"arial\">Para aceder a um demo do produto contacte-nos.</font></div><div style=\"caret-color: rgb(255, 255, 255); text-size-adjust: auto; text-align: justify;\"><font size=\"3\" face=\"arial\"><br></font></div><div style=\"caret-color: rgb(255, 255, 255); text-size-adjust: auto; text-align: justify;\"><img src=\"https://i.imgur.com/OVDdzdb.png\" width=\"496\"></div>'),(70,9,'1568922688.jpg','Criação de blog´s','criacao-de-blogs','<p class=\"MsoNormal\" style=\"margin-bottom: 15pt; line-height: 28px; caret-color: rgb(255, 255, 255); text-size-adjust: auto; text-align: justify;\"><span style=\"font-weight: 600;\">Resumo do produto</span></p><p class=\"MsoNormal\" style=\"margin-bottom: 15pt; line-height: 28px; caret-color: rgb(255, 255, 255); text-size-adjust: auto; text-align: justify;\">Os blogs são uma óptima ferramenta para divulgar os seus trabalhos, ideias e conquistas. Existem inúmeras plataformas para o efeito contudo demasiado complexas na nossa percepção.<br></p><p class=\"MsoNormal\" style=\"margin-bottom: 15pt; line-height: 28px; caret-color: rgb(255, 255, 255); text-size-adjust: auto; text-align: justify;\">O ponto de rede tendo em mente este problema e solicitações dos clientes, desenvolveu uma plataforma proprietária, intuitiva e de fácil utilização.</p><p class=\"MsoNormal\" style=\"margin-bottom: 15pt; line-height: 28px; caret-color: rgb(255, 255, 255); text-size-adjust: auto; text-align: justify;\">Presente na nossa plataforma encontrará uma área de gestão em português de portugal para controlar todo o conteúdo que é visível no blog.</p><p class=\"MsoNormal\" style=\"margin-bottom: 15pt; line-height: 28px; caret-color: rgb(255, 255, 255); text-size-adjust: auto; text-align: justify;\"><span style=\"font-weight: 600;\">Quais as funcionalidade presente:</span></p><p class=\"MsoNormal\" style=\"margin-bottom: 15pt; line-height: 28px; caret-color: rgb(255, 255, 255); text-size-adjust: auto; text-align: justify;\">- Gestor de notícias (imagem, texto, vídeo)<br>- Gestor de categorias<br>- Gestor de subscritores da newsletter&nbsp;<br>- Galeria de imagens<br>- Questionários com votação<br>- Gestor de comnetários<br>- Feed RSS<br>- Etc....</p><p class=\"MsoNormal\" style=\"margin-bottom: 15pt; line-height: 28px; caret-color: rgb(255, 255, 255); text-size-adjust: auto; text-align: justify;\">Para saber mais informações ou para solicitar a visualização de uma demo da plataforma contacte-nos.</p>'),(71,9,'1575802794.png','Criação de portfólios','criacao-de-portfolios','<p class=\"MsoNormal\" style=\"margin-bottom: 15pt; line-height: 28px; caret-color: rgb(255, 255, 255); text-size-adjust: auto; text-align: justify;\"><span style=\"font-weight: 600;\">Resumo do produto</span></p><p class=\"MsoNormal\" style=\"margin-bottom: 15pt; line-height: 28px; caret-color: rgb(255, 255, 255); text-size-adjust: auto; text-align: justify;\">Os portfólios são importante na medida em que permitem a apresentação do seu trabalho pessoal ou trabalhos realizados pela sua empresa.&nbsp;<span style=\"text-align: left;\">Os portfólios podem ainda ser utilizados como catálogos de produtos.&nbsp;</span><span style=\"text-align: left;\">Consulte-nos para mais informações.</span></p><p class=\"MsoNormal\" style=\"margin-bottom: 15pt; line-height: 28px; caret-color: rgb(255, 255, 255); text-size-adjust: auto;\">Aqui lhe deixamos um exemplo.</p><p class=\"MsoNormal\" style=\"margin-bottom: 15pt; line-height: 28px; caret-color: rgb(255, 255, 255); text-size-adjust: auto; text-align: justify;\"><img src=\"https://i.imgur.com/S164eVj.jpg\" width=\"731\"></p><p class=\"MsoNormal\" style=\"margin-bottom: 15pt; line-height: 28px; caret-color: rgb(255, 255, 255); text-size-adjust: auto; text-align: justify;\">Caso tenha alguma dúvida ou questão não deixe de nos contactar.</p>'),(72,22,'1575741253.png','Certificados SSL','certificados-ssl','<div style=\"caret-color: rgb(255, 255, 255); text-size-adjust: auto;\"><span style=\"font-weight: 600;\">Resumo da importância dos certificados SSL</span></div><div style=\"caret-color: rgb(255, 255, 255); text-size-adjust: auto;\"><br></div><div style=\"caret-color: rgb(255, 255, 255); text-size-adjust: auto; text-align: justify;\">O Certificado SSL (Secure Socket Layer) é um mecanismo de criptografia que reforça a segurança dos dados compartilhados via web. Este é reconhecido através do protocolo HTTPS e é indicado para proteger as informações contidas em sites, principalmente em lojas online, já que existe a troca de informações entre cliente e empresa e os dados precisam ser confidenciais.</div><div style=\"caret-color: rgb(255, 255, 255); text-size-adjust: auto; text-align: justify;\"><br></div><div style=\"caret-color: rgb(255, 255, 255); text-size-adjust: auto; text-align: justify;\">Ao acessar um site com o certificado SSL, poderá ver alguns sinais visiveis, como o símbolo de um cadeado verde que antecede sua URL.</div><div style=\"caret-color: rgb(255, 255, 255); text-size-adjust: auto; text-align: justify;\"><br></div><div style=\"caret-color: rgb(255, 255, 255); text-size-adjust: auto; text-align: justify;\">Desde o ano de 2017, é exibida também, na cor verde, a palavra Seguro. Isso mostra ao utilizador que&nbsp; está a aceder ao website num ambiente de confiança. Além disso, a letra s aparece ao lado do protocolo http, transformando-o em https.</div><div style=\"caret-color: rgb(255, 255, 255); text-size-adjust: auto; text-align: justify;\"><br></div><div style=\"caret-color: rgb(255, 255, 255); text-size-adjust: auto; text-align: justify;\">Em caso de dúvidas, existe uma maneira de conferir a validade do Certificado SSL: basta clicar na imagem do cadeado que aparece na barra de seu navegador. Ali, serão exibidas informações sobre sua validade e a identidade da empresa.</div><div style=\"caret-color: rgb(255, 255, 255); text-size-adjust: auto; text-align: justify;\"><br></div><div style=\"caret-color: rgb(255, 255, 255); text-size-adjust: auto; text-align: justify;\">Clicando em cima do certificado, aparecem ainda mais informações sobre a empresa e qual a certificadora responsável pela emissão do certificado.</div><div style=\"caret-color: rgb(255, 255, 255); text-size-adjust: auto; text-align: justify;\"><br></div><div style=\"caret-color: rgb(255, 255, 255); text-size-adjust: auto; text-align: justify;\"><span style=\"font-weight: 600;\">Tipos de certificados disponíveis no Ponto de Rede</span></div><div style=\"caret-color: rgb(255, 255, 255); text-size-adjust: auto; text-align: justify;\"><span style=\"font-weight: 600;\"><br></span></div><div style=\"caret-color: rgb(255, 255, 255); text-size-adjust: auto; text-align: justify;\">- Validação do domínio (serve apenas para um domínio)</div><div style=\"caret-color: rgb(255, 255, 255); text-size-adjust: auto; text-align: justify;\">- Wildcard (permite validar um domínio e os sub-domínios deste domínio)</div><div style=\"caret-color: rgb(255, 255, 255); text-size-adjust: auto; text-align: justify;\">- Multi-domínio (permite validar diferentes domínios)</div><div style=\"caret-color: rgb(255, 255, 255); text-size-adjust: auto; text-align: justify;\"><br></div><div style=\"caret-color: rgb(255, 255, 255); text-size-adjust: auto; text-align: justify;\"><span style=\"font-weight: 600;\">É importante instalar certificados SSL no website?</span></div><div style=\"caret-color: rgb(255, 255, 255); text-size-adjust: auto; text-align: justify;\"><br></div><div style=\"caret-color: rgb(255, 255, 255); text-size-adjust: auto; text-align: justify;\">Sim, pois o Google desde Julho de 2018 vem a marcar os websites que não utilizam certificados SSL como inseguros e tal facto aliado a outros factos baixam a reputação do seu website.</div><div style=\"caret-color: rgb(255, 255, 255); text-size-adjust: auto; text-align: justify;\"><br></div><div style=\"caret-color: rgb(255, 255, 255); text-size-adjust: auto; text-align: justify;\"><span style=\"font-weight: 600;\">O Ponto de Rede faz a instalação do certificado no seu servidor?</span></div><div style=\"caret-color: rgb(255, 255, 255); text-size-adjust: auto; text-align: justify;\"><br></div><div style=\"caret-color: rgb(255, 255, 255); text-size-adjust: auto; text-align: justify;\">Sim fazemos! Deve entrar em contacto para obter cotação pois cada caso é um caso.</div><div style=\"caret-color: rgb(255, 255, 255); text-size-adjust: auto; text-align: justify;\"><br></div><div style=\"caret-color: rgb(255, 255, 255); text-size-adjust: auto; text-align: justify;\"><span style=\"font-weight: 600;\">Algo que devia saber:<span class=\"Apple-converted-space\">&nbsp;</span></span>Nos servidores do Ponto de Rede os certificados SSL são gratuitos e renováveis automaticamente. O cliente não precisa de ter qualquer intervenção.</div>'),(73,22,'1573380082.jpg','Servidores backup','servidores-backup','<div style=\"text-align: justify;\"><img src=\"https://i.imgur.com/2AWmH1b.png\" width=\"499\"><br></div><div style=\"text-align: justify;\"><b>Resumo do serviço</b></div><div style=\"text-align: justify;\"><br></div><div style=\"text-align: justify;\">No Ponto de Rede dispomos de soluções escaláveis de backup adaptáveis a qualquer ambiente, seja ele particular ou empresarial.&nbsp;</div><div style=\"text-align: justify;\">As nossas soluções podem ser interligadas com dispositivos móveis ou fixos, pelo que não deixe de nos consultar para mais informações.</div>'),(74,22,'1574184121.jpg','Acessos VPN','acessos-vpn','<div style=\"text-align: justify;\"><b>Resumo do serviço</b></div><div style=\"text-align: justify;\"><br></div><div style=\"text-align: justify;\">A sigla VPN deriva de Virtual Private Network e permite o acesso remoto a recursos disponíveis na rede local da sua empresa.</div><div style=\"text-align: justify;\">Este serviço é fundamental para quem necessita de constante acesso aos recursos da empresa como é o caso dos delegados comerciais para fins de faturação ou consulta de stocks.</div><div style=\"text-align: justify;\">Com recurso a vpn podemos ainda interligar as diversos delegações da sua empresa não importando a área geográfica onde se encontram.</div><div style=\"text-align: justify;\">No Ponto de Rede analisamos as necessidades da sua empresa, projectamos e implementamos soluções de acesso remoto.&nbsp;</div><div style=\"text-align: justify;\">Importar por fim frisar que não só os equipamentos de informática podem tirar partido deste tipo de ligação, mas também qualquer dispositivo móvel.</div>'),(75,21,'1574184598.jpg','Soluções IP','solucoes-ip','<div style=\"text-align: justify;\"><b>Vídeo vigilância por IP</b></div><div style=\"text-align: justify;\"><br></div><div style=\"text-align: justify;\">Nas nossas soluções de vídeo vigilância sobre ip utilizamos o que de melhor existe no mercado relativamente a esta matéria.</div><div style=\"text-align: justify;\"><br></div><div style=\"text-align: justify;\">A nossa solução é escalável e permite gerir todos os equipamentos associados de forma independente e distinta.</div><div style=\"text-align: justify;\"><br></div><div style=\"text-align: justify;\">O nosso controlador permite o acesso remoto através de qualquer dispositivo seja ele móvel ou fixo.</div><div style=\"text-align: justify;\"><br></div><div style=\"text-align: justify;\">Consulte-nos para mais informações.</div><div style=\"text-align: justify;\"><br></div><div style=\"text-align: justify;\"><img src=\"https://i.imgur.com/47e8F1y.png\" width=\"499\"><br></div><div><br></div>'),(76,21,'1574185201.jpg','Soluções CCTV','solucoes-cctv','<div style=\"text-align: justify;\"><b>Vídeo vigilância CCTV</b></div><div style=\"text-align: justify;\"><br></div><div style=\"text-align: justify;\">As soluções CCTV são sempre a opção mais barata e são adequadas quer a ambientes domésticos quer a ambientes empresarias.</div><div style=\"text-align: justify;\"><br></div><div style=\"text-align: justify;\">Dependendo do número de câmeras necessárias as soluções variam, mas devemos olhar para esta solução como um todo onde o funcionamento do gravador, vulgo nvr é necessária para ter acesso às câmaras.</div><div style=\"text-align: justify;\"><br></div><div style=\"text-align: justify;\">A opção IP trabalha de forma diferente pois é possível ter acesso isolado a cada um dos componentes do sistema e agir individualmente sobre eles.</div><div style=\"text-align: justify;\"><br></div><div style=\"text-align: justify;\">Para mais informações contacte-nos.</div>'),(77,20,'1578833277.jpg','Servidores windows','servidores-windows','...'),(78,20,'1578833350.png','Servidores linux','servidores-linux','...'),(79,18,'1573382384.jpg','Brindes publicitários','brindes-publicitarios','...'),(80,11,'1573382523.jpg','Montras lojas','montras-lojas','...'),(81,11,'1573382768.jpg','Impressão Grandes Formatos','impressao-grandes-formatos','...'),(83,12,'1574185985.png','Soluções All In One','solucoes-all-in-one','<p class=\"MsoNormal\" style=\"margin-bottom: 0.0001pt; line-height: 28px; caret-color: rgb(255, 255, 255); text-size-adjust: auto; text-align: justify;\"><font size=\"3\" face=\"arial\"><span style=\"font-weight: 600;\">O nosso conceito e ideia</span></font></p><p class=\"MsoNormal\" style=\"margin-bottom: 0.0001pt; line-height: 28px; caret-color: rgb(255, 255, 255); text-size-adjust: auto; text-align: justify;\"><font size=\"3\" face=\"arial\"><br></font></p><p class=\"MsoNormal\" style=\"margin-bottom: 0.0001pt; line-height: 28px; caret-color: rgb(255, 255, 255); text-size-adjust: auto; text-align: justify;\"><font size=\"3\" face=\"arial\">A pensar nas pme´s o ponto de rede&nbsp;desenvolveu conjunto de&nbsp;<span style=\"font-weight: 600;\">Serviços&nbsp;Low Cost</span>&nbsp;que permitem de forma&nbsp;célere e barata marcar desde logo a presença da sua empresa online.</font></p><p class=\"MsoNormal\" style=\"margin-bottom: 0.0001pt; line-height: 28px; caret-color: rgb(255, 255, 255); text-size-adjust: auto; text-align: justify;\"><font size=\"3\" face=\"arial\"><br></font></p><p class=\"MsoNormal\" style=\"margin-bottom: 0.0001pt; line-height: 28px; caret-color: rgb(255, 255, 255); text-size-adjust: auto; text-align: justify;\"><font size=\"3\" face=\"arial\">Na nossa&nbsp;perspectiva a solução passa por fornecer os 3 serviços essenciais em 1, queremos com isto dizer que qualquer uma das nossas soluções all in one, permitem acesso a um website com gestão, com plano de alojamento incluído,&nbsp;domínio e email.</font></p><p class=\"MsoNormal\" style=\"margin-bottom: 0.0001pt; line-height: 28px; caret-color: rgb(255, 255, 255); text-size-adjust: auto; text-align: justify;\"><font size=\"3\" face=\"arial\"><br></font></p><p class=\"MsoNormal\" style=\"margin-bottom: 0.0001pt; line-height: 28px; caret-color: rgb(255, 255, 255); text-size-adjust: auto; text-align: justify;\"><font size=\"3\" face=\"arial\">Todo este serviço está disponível por 75€ + IVA anuais, sendo que apenas se tem de preocupar com a renovação do serviço. O registo do domínio, renovação e configuração do serviço é por nossa conta.</font></p><p class=\"MsoNormal\" style=\"margin-bottom: 0.0001pt; line-height: 28px; caret-color: rgb(255, 255, 255); text-size-adjust: auto; text-align: justify;\"><font size=\"3\" face=\"arial\"><br></font></p><p class=\"MsoNormal\" style=\"margin-bottom: 0.0001pt; line-height: 28px; text-size-adjust: auto; text-align: justify;\"><font size=\"3\" face=\"arial\" style=\"\">No escolha do seu plano pode optar pela versão web ou a versão ecommerce. A versão web será direcionada a páginas de apresentação de empresas e produtos, a versão ecommerce é em suma uma loja online.&nbsp;</font></p><p class=\"MsoNormal\" style=\"margin-bottom: 0.0001pt; line-height: 28px; caret-color: rgb(255, 255, 255); text-size-adjust: auto; text-align: justify;\"><font size=\"3\" face=\"arial\"><br></font></p><p class=\"MsoNormal\" style=\"margin-bottom: 0.0001pt; line-height: 28px; caret-color: rgb(255, 255, 255); text-size-adjust: auto; text-align: justify;\"><font size=\"3\" face=\"arial\">A inserção do conteúdo das páginas quer na versão web quer na versão ecommerce são da responsabilidade do cliente, podendo contudo o Ponto de Rede assumir esta tarefa mediante o pagamento de 150€ para além dos já referidos 75€ + IVA.&nbsp;</font></p><p class=\"MsoNormal\" style=\"margin-bottom: 0.0001pt; line-height: 28px; caret-color: rgb(255, 255, 255); text-size-adjust: auto; text-align: justify;\"><font size=\"3\" face=\"arial\"><br></font></p><p class=\"MsoNormal\" style=\"margin-bottom: 0.0001pt; line-height: 28px; caret-color: rgb(255, 255, 255); text-size-adjust: auto; text-align: justify;\"><font size=\"3\" face=\"arial\">Para mais informações ou esclarecimento de eventuais dúvidas, não deixe de nos contactar.</font></p><p class=\"MsoNormal\" style=\"margin-bottom: 0.0001pt; line-height: 28px; caret-color: rgb(255, 255, 255); text-size-adjust: auto; text-align: justify;\"><font size=\"3\" face=\"arial\"><br></font></p><p class=\"MsoNormal\" style=\"margin-bottom: 0.0001pt; line-height: 28px; caret-color: rgb(255, 255, 255); text-size-adjust: auto; text-align: justify;\"><font size=\"3\" face=\"arial\">Notas: O Ponto de Rede não procede à criação de produtos dentro da própria loja. A acção que tem passa pela configuração plena da mesma do ponto de vista operacional.</font></p>');

--
-- Table structure for table `sliders`
--

CREATE TABLE `sliders` (
  `id` int(11) NOT NULL AUTO_INCREMENT,
  `title` varchar(255) DEFAULT NULL,
  `text` varchar(255) DEFAULT NULL,
  `button_text` varchar(255) DEFAULT NULL,
  `button_url` varchar(255) DEFAULT NULL,
  `image` varchar(255) DEFAULT NULL,
  `created_at` timestamp NULL DEFAULT NULL,
  `updated_at` timestamp NULL DEFAULT NULL,
  PRIMARY KEY (`id`)
) ENGINE=InnoDB AUTO_INCREMENT=7 DEFAULT CHARSET=latin1;

--
-- Dumping data for table `sliders`
--

INSERT INTO `sliders` VALUES (2,'Ponto de Rede','Web design','Saber mais','https://pontoderede.pt/contacto','1575800446.jpg','2019-10-16 00:30:13','2019-12-08 10:20:46'),(3,'Ponto de Rede','Marketing e Redes Sociais','Saber mais','#','1575800421.jpg','2019-10-16 00:30:30','2019-12-08 10:20:21'),(4,'Ponto de Rede','Alojamentos Web','Saber mais','#','1575799943.jpg','2019-10-16 00:30:55','2019-12-08 10:12:23'),(5,'All In One','Domínio + Alojamento + Website','Saber mais','/servicos/solucoes-all-in-one','1578833811.png','2019-11-19 16:39:09','2020-01-12 12:58:17'),(6,'eCommerce','Criamos a sua loja online!','Saber mais','#','1575800236.jpg','2019-11-19 16:40:28','2019-12-08 10:17:16');

--
-- Table structure for table `socials`
--

CREATE TABLE `socials` (
  `id` int(11) NOT NULL AUTO_INCREMENT,
  `icon` text,
  `url` varchar(255) DEFAULT NULL,
  PRIMARY KEY (`id`)
) ENGINE=InnoDB AUTO_INCREMENT=27 DEFAULT CHARSET=utf8mb4;

--
-- Dumping data for table `socials`
--

INSERT INTO `socials` VALUES (20,'fab fa-facebook-f iconpicker-component','https://www.facebook.com/pontorede'),(21,'fab fa-twitter iconpicker-component','https://twitter.com/PontoRede'),(26,'fab fa-youtube','https://www.youtube.com/channel/UCElRIR0kBNrndZ61UMBZKCw/about');

--
-- Table structure for table `statistics`
--

CREATE TABLE `statistics` (
  `id` int(11) NOT NULL AUTO_INCREMENT,
  `title` varchar(255) DEFAULT NULL,
  `quantity` int(11) DEFAULT NULL,
  `icon` varchar(255) DEFAULT NULL,
  `created_at` timestamp NULL DEFAULT NULL,
  `updated_at` timestamp NULL DEFAULT NULL,
  PRIMARY KEY (`id`)
) ENGINE=InnoDB AUTO_INCREMENT=11 DEFAULT CHARSET=latin1;

--
-- Dumping data for table `statistics`
--

INSERT INTO `statistics` VALUES (5,'Projectos',450,'fas fa-laptop-code',NULL,NULL),(6,'Clientes',300,'far fa-smile-beam',NULL,NULL),(7,'Países',3,'far fa-flag',NULL,NULL),(10,'Reviews Positivos',450,'far fa-thumbs-up',NULL,NULL);

--
-- Table structure for table `subscribers`
--

CREATE TABLE `subscribers` (
  `id` int(11) NOT NULL AUTO_INCREMENT,
  `email` varchar(255) DEFAULT NULL,
  PRIMARY KEY (`id`)
) ENGINE=InnoDB AUTO_INCREMENT=9 DEFAULT CHARSET=utf8mb4;

--
-- Dumping data for table `subscribers`
--

INSERT INTO `subscribers` VALUES (1,'user1@gmail.com'),(2,'user5@gmail.com'),(3,'pratik.anwar@gmail.com'),(4,'pratik1.anwar@gmail.com'),(5,'pratik2.anwar@gmail.com'),(6,'pratik3.anwar@gmail.com'),(7,'pratik4.anwar@gmail.com'),(8,'mpc.ferreira@me.com');

--
-- Table structure for table `testimonials`
--

CREATE TABLE `testimonials` (
  `id` int(11) NOT NULL AUTO_INCREMENT,
  `image` varchar(255) DEFAULT NULL,
  `comment` text,
  `name` varchar(50) DEFAULT NULL,
  `rank` varchar(50) DEFAULT NULL,
  PRIMARY KEY (`id`)
) ENGINE=InnoDB AUTO_INCREMENT=9 DEFAULT CHARSET=utf8mb4;

--
-- Dumping data for table `testimonials`
--

INSERT INTO `testimonials` VALUES (3,'1574168294.png','Já somos parceiros de negócio faz alguns anos! A parceria apenas aconteceu devido ao vasto leque de serviços e qualidade dos mesmos. Recomendamos.','João Silva','Tecnioffice Lda'),(4,'1574168380.png','Recomendo os serviços, sempre prontos a ajudar!','Nuno Ferreira','Particular'),(5,'1574168496.png','Adorei o logo, o profissionalismo e a rapidez. Com certeza que recomendo e numa próxima recorrerei novamente aos vossos serviços. Preço qualidade, sem igual. Obrigado','Ana Alves','Buldskin'),(6,'1574168545.png','Excelentes profissionais. Conseguem sempre agradar ao cliente com os pequenos mimos e recomendações. Recomendo 5*****.','Carlos Oliveira','Mansão do Pão Lda'),(7,'1574168560.png','Crescemos com a ajuda do Ponto de Rede. Os desafios lançados e necessidades enquanto empresa foram sempre correspondidos pelo que nada podemos dizer a não ser recomendar.','Fausto Gonçalves','Overmud Lda'),(8,'1574168585.png','Já somos clientes há mais de um ano e estamos muito satisfeitos.\r\nExcelente relação preço-qualidade, rapidez e criatividade. Continuamos a crescer dia após dia, muito porque confiamos no pontoderede. Excelente equipa! Recomendamos vivamente! Obrigada pontoderede.','Vera Abreu','Imagemp Lda');

--
-- Table structure for table `ulinks`
--

CREATE TABLE `ulinks` (
  `id` int(11) NOT NULL AUTO_INCREMENT,
  `name` varchar(255) DEFAULT NULL,
  `url` varchar(255) DEFAULT NULL,
  PRIMARY KEY (`id`)
) ENGINE=InnoDB AUTO_INCREMENT=12 DEFAULT CHARSET=utf8mb4;

--
-- Dumping data for table `ulinks`
--

INSERT INTO `ulinks` VALUES (1,'Webmail','https://tools.pontoderede.pt/url/y3fwJ'),(2,'Gestor projectos','https://projectos.pontoderede.pt/'),(4,'Open source','https://mega.nz/#F!nUdB0KbZ!elINv63QDkeTrAuPHIBHcQ'),(5,'Shortener','https://tools.pontoderede.pt/url/'),(6,'Alojamentos web','https://tools.pontoderede.pt/url/QqqYJ'),(7,'Market','https://tools.pontoderede.pt/url/BYzUD'),(8,'Suporte remoto','https://pontoderede.pt/software/Supremo.exe'),(9,'Noticias','https://noticias.pontoderede.pt'),(10,'Classificados','https://usados.pontoderede.pt'),(11,'Crm','https://tools.pontoderede.pt/url/m8HSL');


